{"id":2971,"date":"2026-04-24T15:55:52","date_gmt":"2026-04-24T13:55:52","guid":{"rendered":"https:\/\/alicier.com\/?post_type=product&#038;p=2971"},"modified":"2026-04-24T16:03:51","modified_gmt":"2026-04-24T14:03:51","slug":"kit-bonsai-en-perles-glycine-miyuki-nejitte","status":"publish","type":"product","link":"https:\/\/alicier.com\/index.php\/produit\/kit-bonsai-en-perles-glycine-miyuki-nejitte\/","title":{"rendered":"Kit bonsa\u00ef en perles glycine &#8211; Miyuki Nejitte"},"content":{"rendered":"<p>D\u00e9couvrez le <strong>kit bonsa\u00ef en perles glycine<\/strong> Nejitte MIYUKI, pour fabriquer un mini bonsa\u00ef japonais DIY inspir\u00e9 de la floraison retombante de la glycine. La glycine est associ\u00e9e \u00e0 l\u2019\u00e9l\u00e9gance et au raffinement, avec la possibilit\u00e9 de jouer sur diff\u00e9rentes formes : un port plus \u00e9tal\u00e9 fa\u00e7on tonnelle, ou au contraire plus en hauteur pour mettre en valeur la chute souple des grappes fleuries.<\/p>\n<p>Ce <strong>kit de bonsa\u00ef miniature en perles<\/strong> s\u00e9duira les cr\u00e9atrices qui aiment les projets d\u00e9coratifs originaux et l\u2019esth\u00e9tique japonaise. Son petit format permet de l\u2019exposer facilement, seul ou avec d\u2019autres mod\u00e8les de la collection. Comme les autres kits Nejitte BONSAI, il est fabriqu\u00e9 au Japon et contient de quoi r\u00e9aliser l\u2019arbre avec son pot et ses \u00e9l\u00e9ments de finition.<\/p>\n<p>Les fils torsad\u00e9s donnent un joli effet de tronc, tandis que le format miniature rend ce bonsa\u00ef particuli\u00e8rement craquant. Fabriqu\u00e9 au Japon, il est livr\u00e9 avec son pot, ses perles, son fil, sa p\u00e2te, son gravier et sa notice. <strong>La notice est en japonais mais une copie en fran\u00e7ais vous sera fourni avec le kit<\/strong>. Vous avez besoin de <a href=\"http:\/\/alicier.com\/index.php\/produit\/kit-de-3-pinces-a-bijoux-roses\/\">pinces \u00e0 bijoux<\/a> pour couper les fils de cuivre.<\/p>\n<p>Le bonsa\u00ef fait environ 7 cm de haut. Pour r\u00e9aliser ce kit bonsai en perles glycine, il n&#8217;y a pas besoin de connaissances particuli\u00e8res : formez des branches gr\u00e2ce au fil de cuivre et aux perles, assemblez-les au fur et \u00e0 mesure et suivez les instructions tr\u00e8s d\u00e9taill\u00e9es pour former votre petit arbre en perles.<\/p>\n","protected":false},"excerpt":{"rendered":"<p>D\u00e9couvrez le kit bonsa\u00ef en perles glycine Nejitte MIYUKI, pour fabriquer un mini bonsa\u00ef japonais DIY inspir\u00e9 de la floraison retombante de la glycine. La glycine est associ\u00e9e \u00e0 l\u2019\u00e9l\u00e9gance&#8230;<\/p>\n","protected":false},"featured_media":2966,"comment_status":"closed","ping_status":"closed","template":"","meta":[],"product_brand":[93],"product_cat":[77],"product_tag":[113],"class_list":{"0":"post-2971","1":"product","2":"type-product","3":"status-publish","4":"has-post-thumbnail","6":"product_brand-miyuki","7":"product_cat-kit-creatif-adulte","8":"product_tag-kit-perles","10":"first","11":"instock","12":"shipping-taxable","13":"purchasable","14":"product-type-simple"},"yoast_head":"<!-- This site is optimized with the Yoast SEO plugin v27.4 - https:\/\/yoast.com\/product\/yoast-seo-wordpress\/ -->\n<title>Kit bonsa\u00ef en perles glycine - Miyuki Nejitte - Alicier<\/title>\n<meta name=\"description\" content=\"Cr\u00e9ez un joli arbre miniature avec ce kit bonsa\u00ef en perles glycine Miyuki Nejitte. C&#039;est un kit cr\u00e9atif perles d\u00e9butant parfait comme petit projet d\u00e9tente.\" \/>\n<meta name=\"robots\" content=\"index, follow, max-snippet:-1, max-image-preview:large, max-video-preview:-1\" \/>\n<link rel=\"canonical\" href=\"https:\/\/alicier.com\/index.php\/produit\/kit-bonsai-en-perles-glycine-miyuki-nejitte\/\" \/>\n<meta property=\"og:locale\" content=\"fr_FR\" \/>\n<meta property=\"og:type\" content=\"article\" \/>\n<meta property=\"og:title\" content=\"Kit bonsa\u00ef en perles glycine - Miyuki Nejitte - Alicier\" \/>\n<meta property=\"og:description\" content=\"Cr\u00e9ez un joli arbre miniature avec ce kit bonsa\u00ef en perles glycine Miyuki Nejitte. C&#039;est un kit cr\u00e9atif perles d\u00e9butant parfait comme petit projet d\u00e9tente.\" \/>\n<meta property=\"og:url\" content=\"https:\/\/alicier.com\/index.php\/produit\/kit-bonsai-en-perles-glycine-miyuki-nejitte\/\" \/>\n<meta property=\"og:site_name\" content=\"Alicier\" \/>\n<meta property=\"article:modified_time\" content=\"2026-04-24T14:03:51+00:00\" \/>\n<meta property=\"og:image\" content=\"https:\/\/alicier.com\/wp-content\/uploads\/2026\/04\/kit-bonsai-en-perles-nejitte-4.jpg\" \/>\n\t<meta property=\"og:image:width\" content=\"1080\" \/>\n\t<meta property=\"og:image:height\" content=\"1080\" \/>\n\t<meta property=\"og:image:type\" content=\"image\/jpeg\" \/>\n<meta name=\"twitter:card\" content=\"summary_large_image\" \/>\n<meta name=\"twitter:label1\" content=\"Dur\u00e9e de lecture estim\u00e9e\" \/>\n\t<meta name=\"twitter:data1\" content=\"2 minutes\" \/>\n<script type=\"application\/ld+json\" class=\"yoast-schema-graph\">{\"@context\":\"https:\\\/\\\/schema.org\",\"@graph\":[{\"@type\":\"WebPage\",\"@id\":\"https:\\\/\\\/alicier.com\\\/index.php\\\/produit\\\/kit-bonsai-en-perles-glycine-miyuki-nejitte\\\/\",\"url\":\"https:\\\/\\\/alicier.com\\\/index.php\\\/produit\\\/kit-bonsai-en-perles-glycine-miyuki-nejitte\\\/\",\"name\":\"Kit bonsa\u00ef en perles glycine - Miyuki Nejitte - Alicier\",\"isPartOf\":{\"@id\":\"https:\\\/\\\/alicier.com\\\/#website\"},\"primaryImageOfPage\":{\"@id\":\"https:\\\/\\\/alicier.com\\\/index.php\\\/produit\\\/kit-bonsai-en-perles-glycine-miyuki-nejitte\\\/#primaryimage\"},\"image\":{\"@id\":\"https:\\\/\\\/alicier.com\\\/index.php\\\/produit\\\/kit-bonsai-en-perles-glycine-miyuki-nejitte\\\/#primaryimage\"},\"thumbnailUrl\":\"https:\\\/\\\/alicier.com\\\/wp-content\\\/uploads\\\/2026\\\/04\\\/kit-bonsai-en-perles-nejitte-4.jpg\",\"datePublished\":\"2026-04-24T13:55:52+00:00\",\"dateModified\":\"2026-04-24T14:03:51+00:00\",\"description\":\"Cr\u00e9ez un joli arbre miniature avec ce kit bonsa\u00ef en perles glycine Miyuki Nejitte. C'est un kit cr\u00e9atif perles d\u00e9butant parfait comme petit projet d\u00e9tente.\",\"breadcrumb\":{\"@id\":\"https:\\\/\\\/alicier.com\\\/index.php\\\/produit\\\/kit-bonsai-en-perles-glycine-miyuki-nejitte\\\/#breadcrumb\"},\"inLanguage\":\"fr-FR\",\"potentialAction\":[{\"@type\":\"ReadAction\",\"target\":[\"https:\\\/\\\/alicier.com\\\/index.php\\\/produit\\\/kit-bonsai-en-perles-glycine-miyuki-nejitte\\\/\"]}]},{\"@type\":\"ImageObject\",\"inLanguage\":\"fr-FR\",\"@id\":\"https:\\\/\\\/alicier.com\\\/index.php\\\/produit\\\/kit-bonsai-en-perles-glycine-miyuki-nejitte\\\/#primaryimage\",\"url\":\"https:\\\/\\\/alicier.com\\\/wp-content\\\/uploads\\\/2026\\\/04\\\/kit-bonsai-en-perles-nejitte-4.jpg\",\"contentUrl\":\"https:\\\/\\\/alicier.com\\\/wp-content\\\/uploads\\\/2026\\\/04\\\/kit-bonsai-en-perles-nejitte-4.jpg\",\"width\":1080,\"height\":1080,\"caption\":\"Kit bonsa\u00ef en perles Glycine.\"},{\"@type\":\"BreadcrumbList\",\"@id\":\"https:\\\/\\\/alicier.com\\\/index.php\\\/produit\\\/kit-bonsai-en-perles-glycine-miyuki-nejitte\\\/#breadcrumb\",\"itemListElement\":[{\"@type\":\"ListItem\",\"position\":1,\"name\":\"Accueil\",\"item\":\"https:\\\/\\\/alicier.com\\\/\"},{\"@type\":\"ListItem\",\"position\":2,\"name\":\"Boutique\",\"item\":\"https:\\\/\\\/alicier.com\\\/index.php\\\/boutique\\\/\"},{\"@type\":\"ListItem\",\"position\":3,\"name\":\"Kit bonsa\u00ef en perles glycine &#8211; Miyuki Nejitte\"}]},{\"@type\":\"WebSite\",\"@id\":\"https:\\\/\\\/alicier.com\\\/#website\",\"url\":\"https:\\\/\\\/alicier.com\\\/\",\"name\":\"Alicier\",\"description\":\"Perles &amp; DIY\",\"publisher\":{\"@id\":\"https:\\\/\\\/alicier.com\\\/#organization\"},\"potentialAction\":[{\"@type\":\"SearchAction\",\"target\":{\"@type\":\"EntryPoint\",\"urlTemplate\":\"https:\\\/\\\/alicier.com\\\/?s={search_term_string}\"},\"query-input\":{\"@type\":\"PropertyValueSpecification\",\"valueRequired\":true,\"valueName\":\"search_term_string\"}}],\"inLanguage\":\"fr-FR\"},{\"@type\":\"Organization\",\"@id\":\"https:\\\/\\\/alicier.com\\\/#organization\",\"name\":\"Alicier\",\"url\":\"https:\\\/\\\/alicier.com\\\/\",\"logo\":{\"@type\":\"ImageObject\",\"inLanguage\":\"fr-FR\",\"@id\":\"https:\\\/\\\/alicier.com\\\/#\\\/schema\\\/logo\\\/image\\\/\",\"url\":\"https:\\\/\\\/alicier.com\\\/wp-content\\\/uploads\\\/2025\\\/04\\\/cropped-icon_alicier_2025_100.png\",\"contentUrl\":\"https:\\\/\\\/alicier.com\\\/wp-content\\\/uploads\\\/2025\\\/04\\\/cropped-icon_alicier_2025_100.png\",\"width\":100,\"height\":100,\"caption\":\"Alicier\"},\"image\":{\"@id\":\"https:\\\/\\\/alicier.com\\\/#\\\/schema\\\/logo\\\/image\\\/\"}}]}<\/script>\n<!-- \/ Yoast SEO plugin. -->","yoast_head_json":{"title":"Kit bonsa\u00ef en perles glycine - Miyuki Nejitte - Alicier","description":"Cr\u00e9ez un joli arbre miniature avec ce kit bonsa\u00ef en perles glycine Miyuki Nejitte. C'est un kit cr\u00e9atif perles d\u00e9butant parfait comme petit projet d\u00e9tente.","robots":{"index":"index","follow":"follow","max-snippet":"max-snippet:-1","max-image-preview":"max-image-preview:large","max-video-preview":"max-video-preview:-1"},"canonical":"https:\/\/alicier.com\/index.php\/produit\/kit-bonsai-en-perles-glycine-miyuki-nejitte\/","og_locale":"fr_FR","og_type":"article","og_title":"Kit bonsa\u00ef en perles glycine - Miyuki Nejitte - Alicier","og_description":"Cr\u00e9ez un joli arbre miniature avec ce kit bonsa\u00ef en perles glycine Miyuki Nejitte. C'est un kit cr\u00e9atif perles d\u00e9butant parfait comme petit projet d\u00e9tente.","og_url":"https:\/\/alicier.com\/index.php\/produit\/kit-bonsai-en-perles-glycine-miyuki-nejitte\/","og_site_name":"Alicier","article_modified_time":"2026-04-24T14:03:51+00:00","og_image":[{"width":1080,"height":1080,"url":"https:\/\/alicier.com\/wp-content\/uploads\/2026\/04\/kit-bonsai-en-perles-nejitte-4.jpg","type":"image\/jpeg"}],"twitter_card":"summary_large_image","twitter_misc":{"Dur\u00e9e de lecture estim\u00e9e":"2 minutes"},"schema":{"@context":"https:\/\/schema.org","@graph":[{"@type":"WebPage","@id":"https:\/\/alicier.com\/index.php\/produit\/kit-bonsai-en-perles-glycine-miyuki-nejitte\/","url":"https:\/\/alicier.com\/index.php\/produit\/kit-bonsai-en-perles-glycine-miyuki-nejitte\/","name":"Kit bonsa\u00ef en perles glycine - Miyuki Nejitte - Alicier","isPartOf":{"@id":"https:\/\/alicier.com\/#website"},"primaryImageOfPage":{"@id":"https:\/\/alicier.com\/index.php\/produit\/kit-bonsai-en-perles-glycine-miyuki-nejitte\/#primaryimage"},"image":{"@id":"https:\/\/alicier.com\/index.php\/produit\/kit-bonsai-en-perles-glycine-miyuki-nejitte\/#primaryimage"},"thumbnailUrl":"https:\/\/alicier.com\/wp-content\/uploads\/2026\/04\/kit-bonsai-en-perles-nejitte-4.jpg","datePublished":"2026-04-24T13:55:52+00:00","dateModified":"2026-04-24T14:03:51+00:00","description":"Cr\u00e9ez un joli arbre miniature avec ce kit bonsa\u00ef en perles glycine Miyuki Nejitte. C'est un kit cr\u00e9atif perles d\u00e9butant parfait comme petit projet d\u00e9tente.","breadcrumb":{"@id":"https:\/\/alicier.com\/index.php\/produit\/kit-bonsai-en-perles-glycine-miyuki-nejitte\/#breadcrumb"},"inLanguage":"fr-FR","potentialAction":[{"@type":"ReadAction","target":["https:\/\/alicier.com\/index.php\/produit\/kit-bonsai-en-perles-glycine-miyuki-nejitte\/"]}]},{"@type":"ImageObject","inLanguage":"fr-FR","@id":"https:\/\/alicier.com\/index.php\/produit\/kit-bonsai-en-perles-glycine-miyuki-nejitte\/#primaryimage","url":"https:\/\/alicier.com\/wp-content\/uploads\/2026\/04\/kit-bonsai-en-perles-nejitte-4.jpg","contentUrl":"https:\/\/alicier.com\/wp-content\/uploads\/2026\/04\/kit-bonsai-en-perles-nejitte-4.jpg","width":1080,"height":1080,"caption":"Kit bonsa\u00ef en perles Glycine."},{"@type":"BreadcrumbList","@id":"https:\/\/alicier.com\/index.php\/produit\/kit-bonsai-en-perles-glycine-miyuki-nejitte\/#breadcrumb","itemListElement":[{"@type":"ListItem","position":1,"name":"Accueil","item":"https:\/\/alicier.com\/"},{"@type":"ListItem","position":2,"name":"Boutique","item":"https:\/\/alicier.com\/index.php\/boutique\/"},{"@type":"ListItem","position":3,"name":"Kit bonsa\u00ef en perles glycine &#8211; Miyuki Nejitte"}]},{"@type":"WebSite","@id":"https:\/\/alicier.com\/#website","url":"https:\/\/alicier.com\/","name":"Alicier","description":"Perles &amp; DIY","publisher":{"@id":"https:\/\/alicier.com\/#organization"},"potentialAction":[{"@type":"SearchAction","target":{"@type":"EntryPoint","urlTemplate":"https:\/\/alicier.com\/?s={search_term_string}"},"query-input":{"@type":"PropertyValueSpecification","valueRequired":true,"valueName":"search_term_string"}}],"inLanguage":"fr-FR"},{"@type":"Organization","@id":"https:\/\/alicier.com\/#organization","name":"Alicier","url":"https:\/\/alicier.com\/","logo":{"@type":"ImageObject","inLanguage":"fr-FR","@id":"https:\/\/alicier.com\/#\/schema\/logo\/image\/","url":"https:\/\/alicier.com\/wp-content\/uploads\/2025\/04\/cropped-icon_alicier_2025_100.png","contentUrl":"https:\/\/alicier.com\/wp-content\/uploads\/2025\/04\/cropped-icon_alicier_2025_100.png","width":100,"height":100,"caption":"Alicier"},"image":{"@id":"https:\/\/alicier.com\/#\/schema\/logo\/image\/"}}]}},"jetpack_sharing_enabled":true,"_links":{"self":[{"href":"https:\/\/alicier.com\/index.php\/wp-json\/wp\/v2\/product\/2971","targetHints":{"allow":["GET"]}}],"collection":[{"href":"https:\/\/alicier.com\/index.php\/wp-json\/wp\/v2\/product"}],"about":[{"href":"https:\/\/alicier.com\/index.php\/wp-json\/wp\/v2\/types\/product"}],"replies":[{"embeddable":true,"href":"https:\/\/alicier.com\/index.php\/wp-json\/wp\/v2\/comments?post=2971"}],"wp:featuredmedia":[{"embeddable":true,"href":"https:\/\/alicier.com\/index.php\/wp-json\/wp\/v2\/media\/2966"}],"wp:attachment":[{"href":"https:\/\/alicier.com\/index.php\/wp-json\/wp\/v2\/media?parent=2971"}],"wp:term":[{"taxonomy":"product_brand","embeddable":true,"href":"https:\/\/alicier.com\/index.php\/wp-json\/wp\/v2\/product_brand?post=2971"},{"taxonomy":"product_cat","embeddable":true,"href":"https:\/\/alicier.com\/index.php\/wp-json\/wp\/v2\/product_cat?post=2971"},{"taxonomy":"product_tag","embeddable":true,"href":"https:\/\/alicier.com\/index.php\/wp-json\/wp\/v2\/product_tag?post=2971"}],"curies":[{"name":"wp","href":"https:\/\/api.w.org\/{rel}","templated":true}]}}