{"id":2873,"date":"2026-04-05T16:53:04","date_gmt":"2026-04-05T14:53:04","guid":{"rendered":"https:\/\/alicier.com\/?post_type=product&#038;p=2873"},"modified":"2026-04-05T17:51:17","modified_gmt":"2026-04-05T15:51:17","slug":"bracelet-en-perles-miyuki-pour-mariage","status":"publish","type":"product","link":"https:\/\/alicier.com\/index.php\/produit\/bracelet-en-perles-miyuki-pour-mariage\/","title":{"rendered":"Bracelet en perles Miyuki pour mariage ou c\u00e9r\u00e9monie"},"content":{"rendered":"<p><strong>Bracelet en perles Miyuki pour mariage ou c\u00e9r\u00e9monie tiss\u00e9 \u00e0 la main<\/strong> en Occitanie (France). Ces bracelets sont tiss\u00e9s sur m\u00e9tier \u00e0 tisser avec des perles de rocailles cylindriques d&#8217;une grande finesse et r\u00e9gularit\u00e9. Le tissage du grand mod\u00e8le style Art D\u00e9co demande pr\u00e8s de 4h de tissage. Les perles utilis\u00e9es ont une tr\u00e8s bonne tenue dans le temps et le fermoir est en acier inoxydable dor\u00e9.<\/p>\n<p>Certaines perles appel\u00e9es perles &#8220;silk&#8221; sont ajout\u00e9es au tissage afin de donner encore plus de reflets et de profondeur \u00e0 la cr\u00e9ation. Avec les changements de lumi\u00e8res, elles sont tant\u00f4t plus sombres, tant\u00f4t tr\u00e8s brillantes ce qui donne un effet tr\u00e8s chic aux bracelets. Ces <strong>bracelets en perles Miyuki<\/strong> s&#8217;accorderont aussi bien \u00e0 une robe de mari\u00e9e qu&#8217;\u00e0 une tenue de c\u00e9r\u00e9monie. Le dor\u00e9 et le blanc cr\u00e8me sont des teintes qui se marrient avec un grand nombre de tenues mais si ces couleurs ne conviennent pas, n&#8217;h\u00e9sitez pas \u00e0 me contacter pour demander une personnalisation des mod\u00e8les.<\/p>\n<p>Ce bracelet en perles Miyuki pour mariage sont des cr\u00e9ations uniques qui dureront dans le temps et que vous pourrez conserver comme souvenirs de ces \u00e9v\u00e8nements ou comme bijou chic pour d&#8217;autres occasions. Envie de cr\u00e9er vous-m\u00eame un bijou inoubliable ? D&#8217;organiser un <a href=\"https:\/\/alicier.com\/index.php\/categorie-produit\/ateliers-creatifs-a-toulouse\/\">atelier cr\u00e9atif pour un EVJF \u00e0 Toulouse<\/a> et ses environs ? Je propose \u00e9galement des ateliers privatis\u00e9s pour apprendre \u00e0 r\u00e9aliser des <strong>bijoux chics en perles Miyuki<\/strong>.<\/p>\n","protected":false},"excerpt":{"rendered":"<p><strong>Bracelet en perles pour mariage ou c\u00e9r\u00e9monie tiss\u00e9 \u00e0 la main<\/strong> en Occitanie (France). Ils sont fabriqu\u00e9s avec des perles de rocailles japonaises Miyuki Delica. Les perles dor\u00e9es ont une tr\u00e8s bonne tenue dans le temps et le fermoir est en acier inoxydable dor\u00e9.<\/p>\n<p><strong>Les bracelets sont tiss\u00e9s sur commande. Comptez 2 \u00e0 5 jours de d\u00e9lai de fabrication.<\/strong><\/p>\n<p><strong>Tailles : <\/strong>bracelet fin (3 perles de large = 4 mm), moyen (5 perles de large = 7 mm) ou le mod\u00e8le large style Art D\u00e9co (18 perles de large = 26 mm).<\/p>\n<p>La cha\u00eenette d&#8217;extension permet d&#8217;adapter le bracelet \u00e0 diff\u00e9rentes tailles de poignet allant de 15 cm \u00e0 18 cm. <strong>Si vous souhaitez un bracelet ajust\u00e9 \u00e0 la taille de votre poignet, indiquez la dimension de votre poignet dans l&#8217;encart &#8220;Ajouter une note \u00e0 votre commande&#8221; en bas du panier au moment de la validation de la commande, sous le choix de la livraison.<\/strong><\/p>\n<p>Autres personnalisations possibles (\u00e0 ajouter dans l&#8217;encart &#8220;ajouter une note \u00e0 votre commande&#8221; au moment de la validation du panier) : Version argent\u00e9e, remplacement de la cha\u00eenette d&#8217;extension par un fermoir coulissant en acier inox.<strong> Pour le choix d&#8217;autres couleurs et pour tout autres demandes, envoyez-moi un mail \u00e0 cours.alicier@gmail.com.<\/strong><\/p>\n","protected":false},"featured_media":2877,"comment_status":"closed","ping_status":"closed","template":"","meta":[],"product_brand":[83],"product_cat":[105,110],"product_tag":[111],"class_list":{"0":"post-2873","1":"product","2":"type-product","3":"status-publish","4":"has-post-thumbnail","6":"product_brand-alicier","7":"product_cat-bijoux-fait-main","8":"product_cat-bracelets-en-perles-miyuki-fait-main","9":"product_tag-bracelet","11":"first","12":"instock","13":"shipping-taxable","14":"purchasable","15":"product-type-variable"},"yoast_head":"<!-- This site is optimized with the Yoast SEO plugin v27.3 - https:\/\/yoast.com\/product\/yoast-seo-wordpress\/ -->\n<title>Bracelet en perles Miyuki pour mariage<\/title>\n<meta name=\"description\" content=\"Bracelet en perles Miyuki pour mariage tiss\u00e9 \u00e0 la main en France (Occitanie). Bracelet blanc et or tr\u00e8s chics. Fermoir en acier inoxydable dor\u00e9.\" \/>\n<meta name=\"robots\" content=\"index, follow, max-snippet:-1, max-image-preview:large, max-video-preview:-1\" \/>\n<link rel=\"canonical\" href=\"https:\/\/alicier.com\/index.php\/produit\/bracelet-en-perles-miyuki-pour-mariage\/\" \/>\n<meta property=\"og:locale\" content=\"fr_FR\" \/>\n<meta property=\"og:type\" content=\"article\" \/>\n<meta property=\"og:title\" content=\"Bracelet en perles Miyuki pour mariage\" \/>\n<meta property=\"og:description\" content=\"Bracelet en perles Miyuki pour mariage tiss\u00e9 \u00e0 la main en France (Occitanie). Bracelet blanc et or tr\u00e8s chics. Fermoir en acier inoxydable dor\u00e9.\" \/>\n<meta property=\"og:url\" content=\"https:\/\/alicier.com\/index.php\/produit\/bracelet-en-perles-miyuki-pour-mariage\/\" \/>\n<meta property=\"og:site_name\" content=\"Alicier\" \/>\n<meta property=\"article:modified_time\" content=\"2026-04-05T15:51:17+00:00\" \/>\n<meta property=\"og:image\" content=\"https:\/\/alicier.com\/wp-content\/uploads\/2026\/04\/bracelet_miyuki_mariage_08.jpg\" \/>\n\t<meta property=\"og:image:width\" content=\"1080\" \/>\n\t<meta property=\"og:image:height\" content=\"1080\" \/>\n\t<meta property=\"og:image:type\" content=\"image\/jpeg\" \/>\n<meta name=\"twitter:card\" content=\"summary_large_image\" \/>\n<meta name=\"twitter:label1\" content=\"Dur\u00e9e de lecture estim\u00e9e\" \/>\n\t<meta name=\"twitter:data1\" content=\"2 minutes\" \/>\n<script type=\"application\/ld+json\" class=\"yoast-schema-graph\">{\"@context\":\"https:\\\/\\\/schema.org\",\"@graph\":[{\"@type\":\"WebPage\",\"@id\":\"https:\\\/\\\/alicier.com\\\/index.php\\\/produit\\\/bracelet-en-perles-miyuki-pour-mariage\\\/\",\"url\":\"https:\\\/\\\/alicier.com\\\/index.php\\\/produit\\\/bracelet-en-perles-miyuki-pour-mariage\\\/\",\"name\":\"Bracelet en perles Miyuki pour mariage\",\"isPartOf\":{\"@id\":\"https:\\\/\\\/alicier.com\\\/#website\"},\"primaryImageOfPage\":{\"@id\":\"https:\\\/\\\/alicier.com\\\/index.php\\\/produit\\\/bracelet-en-perles-miyuki-pour-mariage\\\/#primaryimage\"},\"image\":{\"@id\":\"https:\\\/\\\/alicier.com\\\/index.php\\\/produit\\\/bracelet-en-perles-miyuki-pour-mariage\\\/#primaryimage\"},\"thumbnailUrl\":\"https:\\\/\\\/alicier.com\\\/wp-content\\\/uploads\\\/2026\\\/04\\\/bracelet_miyuki_mariage_08.jpg\",\"datePublished\":\"2026-04-05T14:53:04+00:00\",\"dateModified\":\"2026-04-05T15:51:17+00:00\",\"description\":\"Bracelet en perles Miyuki pour mariage tiss\u00e9 \u00e0 la main en France (Occitanie). Bracelet blanc et or tr\u00e8s chics. Fermoir en acier inoxydable dor\u00e9.\",\"breadcrumb\":{\"@id\":\"https:\\\/\\\/alicier.com\\\/index.php\\\/produit\\\/bracelet-en-perles-miyuki-pour-mariage\\\/#breadcrumb\"},\"inLanguage\":\"fr-FR\",\"potentialAction\":[{\"@type\":\"ReadAction\",\"target\":[\"https:\\\/\\\/alicier.com\\\/index.php\\\/produit\\\/bracelet-en-perles-miyuki-pour-mariage\\\/\"]}]},{\"@type\":\"ImageObject\",\"inLanguage\":\"fr-FR\",\"@id\":\"https:\\\/\\\/alicier.com\\\/index.php\\\/produit\\\/bracelet-en-perles-miyuki-pour-mariage\\\/#primaryimage\",\"url\":\"https:\\\/\\\/alicier.com\\\/wp-content\\\/uploads\\\/2026\\\/04\\\/bracelet_miyuki_mariage_08.jpg\",\"contentUrl\":\"https:\\\/\\\/alicier.com\\\/wp-content\\\/uploads\\\/2026\\\/04\\\/bracelet_miyuki_mariage_08.jpg\",\"width\":1080,\"height\":1080,\"caption\":\"Bracelet en perles Miyuki pour mariage ou c\u00e9r\u00e9monie couleur cr\u00e8me et or.\"},{\"@type\":\"BreadcrumbList\",\"@id\":\"https:\\\/\\\/alicier.com\\\/index.php\\\/produit\\\/bracelet-en-perles-miyuki-pour-mariage\\\/#breadcrumb\",\"itemListElement\":[{\"@type\":\"ListItem\",\"position\":1,\"name\":\"Accueil\",\"item\":\"https:\\\/\\\/alicier.com\\\/\"},{\"@type\":\"ListItem\",\"position\":2,\"name\":\"Boutique\",\"item\":\"https:\\\/\\\/alicier.com\\\/index.php\\\/boutique\\\/\"},{\"@type\":\"ListItem\",\"position\":3,\"name\":\"Bracelet en perles Miyuki pour mariage ou c\u00e9r\u00e9monie\"}]},{\"@type\":\"WebSite\",\"@id\":\"https:\\\/\\\/alicier.com\\\/#website\",\"url\":\"https:\\\/\\\/alicier.com\\\/\",\"name\":\"Alicier\",\"description\":\"Perles &amp; DIY\",\"publisher\":{\"@id\":\"https:\\\/\\\/alicier.com\\\/#organization\"},\"potentialAction\":[{\"@type\":\"SearchAction\",\"target\":{\"@type\":\"EntryPoint\",\"urlTemplate\":\"https:\\\/\\\/alicier.com\\\/?s={search_term_string}\"},\"query-input\":{\"@type\":\"PropertyValueSpecification\",\"valueRequired\":true,\"valueName\":\"search_term_string\"}}],\"inLanguage\":\"fr-FR\"},{\"@type\":\"Organization\",\"@id\":\"https:\\\/\\\/alicier.com\\\/#organization\",\"name\":\"Alicier\",\"url\":\"https:\\\/\\\/alicier.com\\\/\",\"logo\":{\"@type\":\"ImageObject\",\"inLanguage\":\"fr-FR\",\"@id\":\"https:\\\/\\\/alicier.com\\\/#\\\/schema\\\/logo\\\/image\\\/\",\"url\":\"https:\\\/\\\/alicier.com\\\/wp-content\\\/uploads\\\/2025\\\/04\\\/cropped-icon_alicier_2025_100.png\",\"contentUrl\":\"https:\\\/\\\/alicier.com\\\/wp-content\\\/uploads\\\/2025\\\/04\\\/cropped-icon_alicier_2025_100.png\",\"width\":100,\"height\":100,\"caption\":\"Alicier\"},\"image\":{\"@id\":\"https:\\\/\\\/alicier.com\\\/#\\\/schema\\\/logo\\\/image\\\/\"}}]}<\/script>\n<!-- \/ Yoast SEO plugin. -->","yoast_head_json":{"title":"Bracelet en perles Miyuki pour mariage","description":"Bracelet en perles Miyuki pour mariage tiss\u00e9 \u00e0 la main en France (Occitanie). Bracelet blanc et or tr\u00e8s chics. Fermoir en acier inoxydable dor\u00e9.","robots":{"index":"index","follow":"follow","max-snippet":"max-snippet:-1","max-image-preview":"max-image-preview:large","max-video-preview":"max-video-preview:-1"},"canonical":"https:\/\/alicier.com\/index.php\/produit\/bracelet-en-perles-miyuki-pour-mariage\/","og_locale":"fr_FR","og_type":"article","og_title":"Bracelet en perles Miyuki pour mariage","og_description":"Bracelet en perles Miyuki pour mariage tiss\u00e9 \u00e0 la main en France (Occitanie). Bracelet blanc et or tr\u00e8s chics. Fermoir en acier inoxydable dor\u00e9.","og_url":"https:\/\/alicier.com\/index.php\/produit\/bracelet-en-perles-miyuki-pour-mariage\/","og_site_name":"Alicier","article_modified_time":"2026-04-05T15:51:17+00:00","og_image":[{"width":1080,"height":1080,"url":"https:\/\/alicier.com\/wp-content\/uploads\/2026\/04\/bracelet_miyuki_mariage_08.jpg","type":"image\/jpeg"}],"twitter_card":"summary_large_image","twitter_misc":{"Dur\u00e9e de lecture estim\u00e9e":"2 minutes"},"schema":{"@context":"https:\/\/schema.org","@graph":[{"@type":"WebPage","@id":"https:\/\/alicier.com\/index.php\/produit\/bracelet-en-perles-miyuki-pour-mariage\/","url":"https:\/\/alicier.com\/index.php\/produit\/bracelet-en-perles-miyuki-pour-mariage\/","name":"Bracelet en perles Miyuki pour mariage","isPartOf":{"@id":"https:\/\/alicier.com\/#website"},"primaryImageOfPage":{"@id":"https:\/\/alicier.com\/index.php\/produit\/bracelet-en-perles-miyuki-pour-mariage\/#primaryimage"},"image":{"@id":"https:\/\/alicier.com\/index.php\/produit\/bracelet-en-perles-miyuki-pour-mariage\/#primaryimage"},"thumbnailUrl":"https:\/\/alicier.com\/wp-content\/uploads\/2026\/04\/bracelet_miyuki_mariage_08.jpg","datePublished":"2026-04-05T14:53:04+00:00","dateModified":"2026-04-05T15:51:17+00:00","description":"Bracelet en perles Miyuki pour mariage tiss\u00e9 \u00e0 la main en France (Occitanie). Bracelet blanc et or tr\u00e8s chics. Fermoir en acier inoxydable dor\u00e9.","breadcrumb":{"@id":"https:\/\/alicier.com\/index.php\/produit\/bracelet-en-perles-miyuki-pour-mariage\/#breadcrumb"},"inLanguage":"fr-FR","potentialAction":[{"@type":"ReadAction","target":["https:\/\/alicier.com\/index.php\/produit\/bracelet-en-perles-miyuki-pour-mariage\/"]}]},{"@type":"ImageObject","inLanguage":"fr-FR","@id":"https:\/\/alicier.com\/index.php\/produit\/bracelet-en-perles-miyuki-pour-mariage\/#primaryimage","url":"https:\/\/alicier.com\/wp-content\/uploads\/2026\/04\/bracelet_miyuki_mariage_08.jpg","contentUrl":"https:\/\/alicier.com\/wp-content\/uploads\/2026\/04\/bracelet_miyuki_mariage_08.jpg","width":1080,"height":1080,"caption":"Bracelet en perles Miyuki pour mariage ou c\u00e9r\u00e9monie couleur cr\u00e8me et or."},{"@type":"BreadcrumbList","@id":"https:\/\/alicier.com\/index.php\/produit\/bracelet-en-perles-miyuki-pour-mariage\/#breadcrumb","itemListElement":[{"@type":"ListItem","position":1,"name":"Accueil","item":"https:\/\/alicier.com\/"},{"@type":"ListItem","position":2,"name":"Boutique","item":"https:\/\/alicier.com\/index.php\/boutique\/"},{"@type":"ListItem","position":3,"name":"Bracelet en perles Miyuki pour mariage ou c\u00e9r\u00e9monie"}]},{"@type":"WebSite","@id":"https:\/\/alicier.com\/#website","url":"https:\/\/alicier.com\/","name":"Alicier","description":"Perles &amp; DIY","publisher":{"@id":"https:\/\/alicier.com\/#organization"},"potentialAction":[{"@type":"SearchAction","target":{"@type":"EntryPoint","urlTemplate":"https:\/\/alicier.com\/?s={search_term_string}"},"query-input":{"@type":"PropertyValueSpecification","valueRequired":true,"valueName":"search_term_string"}}],"inLanguage":"fr-FR"},{"@type":"Organization","@id":"https:\/\/alicier.com\/#organization","name":"Alicier","url":"https:\/\/alicier.com\/","logo":{"@type":"ImageObject","inLanguage":"fr-FR","@id":"https:\/\/alicier.com\/#\/schema\/logo\/image\/","url":"https:\/\/alicier.com\/wp-content\/uploads\/2025\/04\/cropped-icon_alicier_2025_100.png","contentUrl":"https:\/\/alicier.com\/wp-content\/uploads\/2025\/04\/cropped-icon_alicier_2025_100.png","width":100,"height":100,"caption":"Alicier"},"image":{"@id":"https:\/\/alicier.com\/#\/schema\/logo\/image\/"}}]}},"jetpack_sharing_enabled":true,"_links":{"self":[{"href":"https:\/\/alicier.com\/index.php\/wp-json\/wp\/v2\/product\/2873","targetHints":{"allow":["GET"]}}],"collection":[{"href":"https:\/\/alicier.com\/index.php\/wp-json\/wp\/v2\/product"}],"about":[{"href":"https:\/\/alicier.com\/index.php\/wp-json\/wp\/v2\/types\/product"}],"replies":[{"embeddable":true,"href":"https:\/\/alicier.com\/index.php\/wp-json\/wp\/v2\/comments?post=2873"}],"wp:featuredmedia":[{"embeddable":true,"href":"https:\/\/alicier.com\/index.php\/wp-json\/wp\/v2\/media\/2877"}],"wp:attachment":[{"href":"https:\/\/alicier.com\/index.php\/wp-json\/wp\/v2\/media?parent=2873"}],"wp:term":[{"taxonomy":"product_brand","embeddable":true,"href":"https:\/\/alicier.com\/index.php\/wp-json\/wp\/v2\/product_brand?post=2873"},{"taxonomy":"product_cat","embeddable":true,"href":"https:\/\/alicier.com\/index.php\/wp-json\/wp\/v2\/product_cat?post=2873"},{"taxonomy":"product_tag","embeddable":true,"href":"https:\/\/alicier.com\/index.php\/wp-json\/wp\/v2\/product_tag?post=2873"}],"curies":[{"name":"wp","href":"https:\/\/api.w.org\/{rel}","templated":true}]}}