{"id":2699,"date":"2026-03-12T16:51:38","date_gmt":"2026-03-12T15:51:38","guid":{"rendered":"https:\/\/alicier.com\/?post_type=product&#038;p=2699"},"modified":"2026-04-02T16:53:41","modified_gmt":"2026-04-02T14:53:41","slug":"mini-kit-boucles-doreilles-cerises-en-perles","status":"publish","type":"product","link":"https:\/\/alicier.com\/index.php\/produit\/mini-kit-boucles-doreilles-cerises-en-perles\/","title":{"rendered":"Mini Kit Boucles d&#8217;oreilles Cerises en perles"},"content":{"rendered":"<p>Ce mini <strong>kit boucles d&#8217;oreilles Cerises en perles<\/strong> est rapide et facile \u00e0 faire. <strong>Il vous faudra une pince coupante<\/strong> pour r\u00e9aliser ces <strong>boucles d&#8217;oreilles en perles<\/strong>. Ce sont des boucles d&#8217;oreilles tr\u00e8s mignonnes et originales avec un petit c\u00f4t\u00e9 vintage. Ce mini-kit perles accompagne le tutoriel vid\u00e9o sortie sur ma cha\u00eene YouTube Lalicier le 13 mars 2026. Dans le kit, vous aurez un QR code pour retrouver facilement la vid\u00e9o sans prise de t\u00eate. L&#8217;acc\u00e8s \u00e0 cette vid\u00e9o est libre sans obligation d&#8217;achat.<\/p>\n<p>Le kit boucles d&#8217;oreilles cerises en perles contient :<\/p>\n<ul>\n<li>1 g de rocailles Miyuki 11\/0 2375 &#8211; Sage Luster<\/li>\n<li>quelques perles de rocailles Miyuki Duracoat 11\/0 4202 &#8211; Galvanized Gold<\/li>\n<li>4 perles en verre rouges<\/li>\n<li>4 coupelles fleurs<\/li>\n<li>1 paire de boucles d&#8217;oreilles type &#8220;dormeuses&#8221; en acier inox dor\u00e9 304L.<\/li>\n<li>1 m de fil de cuivre dor\u00e9<\/li>\n<\/ul>\n<p>Temps de r\u00e9alisation : Entre 15 minutes et 20 minutes<\/p>\n<p>Les boucles d&#8217;oreilles font environ 5 cm de long une fois finies.<\/p>\n<p>Vendu dans une petite bo\u00eete en carton jaune p\u00e2le et sans la bo\u00eete transparente vissable de la photo.<\/p>\n","protected":false},"excerpt":{"rendered":"<p>D\u00e9couvrez les mini <strong>kits boucles d&#8217;oreilles Cerises en perles<\/strong>. C&#8217;est un projet DIY perles tr\u00e8s printannier et un brin vintage. Elles sont rapides \u00e0 faire, id\u00e9ales pour un cadeau ou un atelier m\u00e8re-fille. <strong>Tout le mat\u00e9riel est inclu, except\u00e9 la pince coupante<\/strong>. Le kit ne contient pas d&#8217;instructions \u00e9crites mais renvoi au tutoriel vid\u00e9o disponible sur ma cha\u00eene YouTube.<\/p>\n","protected":false},"featured_media":2706,"comment_status":"closed","ping_status":"closed","template":"","meta":[],"product_brand":[83],"product_cat":[77],"product_tag":[113],"class_list":{"0":"post-2699","1":"product","2":"type-product","3":"status-publish","4":"has-post-thumbnail","6":"product_brand-alicier","7":"product_cat-kit-creatif-adulte","8":"product_tag-kit-perles","10":"first","11":"instock","12":"shipping-taxable","13":"purchasable","14":"product-type-simple"},"yoast_head":"<!-- This site is optimized with the Yoast SEO plugin v27.5 - https:\/\/yoast.com\/product\/yoast-seo-wordpress\/ -->\n<title>Kit Boucles d&#039;oreilles cerises en perles<\/title>\n<meta name=\"description\" content=\"Mini kit boucles d&#039;oreilles cerises en perles avec des perles Miyuki. Gr\u00e2ce au tuto vid\u00e9o, r\u00e9alisez des boucles d&#039;oreilles vintage et originales en perles.\" \/>\n<meta name=\"robots\" content=\"index, follow, max-snippet:-1, max-image-preview:large, max-video-preview:-1\" \/>\n<link rel=\"canonical\" href=\"https:\/\/alicier.com\/index.php\/produit\/mini-kit-boucles-doreilles-cerises-en-perles\/\" \/>\n<meta property=\"og:locale\" content=\"fr_FR\" \/>\n<meta property=\"og:type\" content=\"article\" \/>\n<meta property=\"og:title\" content=\"Kit Boucles d&#039;oreilles cerises en perles\" \/>\n<meta property=\"og:description\" content=\"Mini kit boucles d&#039;oreilles cerises en perles avec des perles Miyuki. Gr\u00e2ce au tuto vid\u00e9o, r\u00e9alisez des boucles d&#039;oreilles vintage et originales en perles.\" \/>\n<meta property=\"og:url\" content=\"https:\/\/alicier.com\/index.php\/produit\/mini-kit-boucles-doreilles-cerises-en-perles\/\" \/>\n<meta property=\"og:site_name\" content=\"Alicier\" \/>\n<meta property=\"article:modified_time\" content=\"2026-04-02T14:53:41+00:00\" \/>\n<meta property=\"og:image\" content=\"https:\/\/alicier.com\/wp-content\/uploads\/2026\/03\/kit-boucles-d-oreilles-cerises.jpg\" \/>\n\t<meta property=\"og:image:width\" content=\"1080\" \/>\n\t<meta property=\"og:image:height\" content=\"1080\" \/>\n\t<meta property=\"og:image:type\" content=\"image\/jpeg\" \/>\n<meta name=\"twitter:card\" content=\"summary_large_image\" \/>\n<meta name=\"twitter:label1\" content=\"Dur\u00e9e de lecture estim\u00e9e\" \/>\n\t<meta name=\"twitter:data1\" content=\"2 minutes\" \/>\n<script type=\"application\/ld+json\" class=\"yoast-schema-graph\">{\"@context\":\"https:\\\/\\\/schema.org\",\"@graph\":[{\"@type\":\"WebPage\",\"@id\":\"https:\\\/\\\/alicier.com\\\/index.php\\\/produit\\\/mini-kit-boucles-doreilles-cerises-en-perles\\\/\",\"url\":\"https:\\\/\\\/alicier.com\\\/index.php\\\/produit\\\/mini-kit-boucles-doreilles-cerises-en-perles\\\/\",\"name\":\"Kit Boucles d'oreilles cerises en perles\",\"isPartOf\":{\"@id\":\"https:\\\/\\\/alicier.com\\\/#website\"},\"primaryImageOfPage\":{\"@id\":\"https:\\\/\\\/alicier.com\\\/index.php\\\/produit\\\/mini-kit-boucles-doreilles-cerises-en-perles\\\/#primaryimage\"},\"image\":{\"@id\":\"https:\\\/\\\/alicier.com\\\/index.php\\\/produit\\\/mini-kit-boucles-doreilles-cerises-en-perles\\\/#primaryimage\"},\"thumbnailUrl\":\"https:\\\/\\\/alicier.com\\\/wp-content\\\/uploads\\\/2026\\\/03\\\/kit-boucles-d-oreilles-cerises.jpg\",\"datePublished\":\"2026-03-12T15:51:38+00:00\",\"dateModified\":\"2026-04-02T14:53:41+00:00\",\"description\":\"Mini kit boucles d'oreilles cerises en perles avec des perles Miyuki. Gr\u00e2ce au tuto vid\u00e9o, r\u00e9alisez des boucles d'oreilles vintage et originales en perles.\",\"breadcrumb\":{\"@id\":\"https:\\\/\\\/alicier.com\\\/index.php\\\/produit\\\/mini-kit-boucles-doreilles-cerises-en-perles\\\/#breadcrumb\"},\"inLanguage\":\"fr-FR\",\"potentialAction\":[{\"@type\":\"ReadAction\",\"target\":[\"https:\\\/\\\/alicier.com\\\/index.php\\\/produit\\\/mini-kit-boucles-doreilles-cerises-en-perles\\\/\"]}]},{\"@type\":\"ImageObject\",\"inLanguage\":\"fr-FR\",\"@id\":\"https:\\\/\\\/alicier.com\\\/index.php\\\/produit\\\/mini-kit-boucles-doreilles-cerises-en-perles\\\/#primaryimage\",\"url\":\"https:\\\/\\\/alicier.com\\\/wp-content\\\/uploads\\\/2026\\\/03\\\/kit-boucles-d-oreilles-cerises.jpg\",\"contentUrl\":\"https:\\\/\\\/alicier.com\\\/wp-content\\\/uploads\\\/2026\\\/03\\\/kit-boucles-d-oreilles-cerises.jpg\",\"width\":1080,\"height\":1080,\"caption\":\"kit boucles d'oreilles cerises en perles\"},{\"@type\":\"BreadcrumbList\",\"@id\":\"https:\\\/\\\/alicier.com\\\/index.php\\\/produit\\\/mini-kit-boucles-doreilles-cerises-en-perles\\\/#breadcrumb\",\"itemListElement\":[{\"@type\":\"ListItem\",\"position\":1,\"name\":\"Accueil\",\"item\":\"https:\\\/\\\/alicier.com\\\/\"},{\"@type\":\"ListItem\",\"position\":2,\"name\":\"Boutique\",\"item\":\"https:\\\/\\\/alicier.com\\\/index.php\\\/boutique\\\/\"},{\"@type\":\"ListItem\",\"position\":3,\"name\":\"Mini Kit Boucles d&#8217;oreilles Cerises en perles\"}]},{\"@type\":\"WebSite\",\"@id\":\"https:\\\/\\\/alicier.com\\\/#website\",\"url\":\"https:\\\/\\\/alicier.com\\\/\",\"name\":\"Alicier\",\"description\":\"Perles &amp; DIY\",\"publisher\":{\"@id\":\"https:\\\/\\\/alicier.com\\\/#organization\"},\"potentialAction\":[{\"@type\":\"SearchAction\",\"target\":{\"@type\":\"EntryPoint\",\"urlTemplate\":\"https:\\\/\\\/alicier.com\\\/?s={search_term_string}\"},\"query-input\":{\"@type\":\"PropertyValueSpecification\",\"valueRequired\":true,\"valueName\":\"search_term_string\"}}],\"inLanguage\":\"fr-FR\"},{\"@type\":\"Organization\",\"@id\":\"https:\\\/\\\/alicier.com\\\/#organization\",\"name\":\"Alicier\",\"url\":\"https:\\\/\\\/alicier.com\\\/\",\"logo\":{\"@type\":\"ImageObject\",\"inLanguage\":\"fr-FR\",\"@id\":\"https:\\\/\\\/alicier.com\\\/#\\\/schema\\\/logo\\\/image\\\/\",\"url\":\"https:\\\/\\\/alicier.com\\\/wp-content\\\/uploads\\\/2025\\\/04\\\/cropped-icon_alicier_2025_100.png\",\"contentUrl\":\"https:\\\/\\\/alicier.com\\\/wp-content\\\/uploads\\\/2025\\\/04\\\/cropped-icon_alicier_2025_100.png\",\"width\":100,\"height\":100,\"caption\":\"Alicier\"},\"image\":{\"@id\":\"https:\\\/\\\/alicier.com\\\/#\\\/schema\\\/logo\\\/image\\\/\"}}]}<\/script>\n<!-- \/ Yoast SEO plugin. -->","yoast_head_json":{"title":"Kit Boucles d'oreilles cerises en perles","description":"Mini kit boucles d'oreilles cerises en perles avec des perles Miyuki. Gr\u00e2ce au tuto vid\u00e9o, r\u00e9alisez des boucles d'oreilles vintage et originales en perles.","robots":{"index":"index","follow":"follow","max-snippet":"max-snippet:-1","max-image-preview":"max-image-preview:large","max-video-preview":"max-video-preview:-1"},"canonical":"https:\/\/alicier.com\/index.php\/produit\/mini-kit-boucles-doreilles-cerises-en-perles\/","og_locale":"fr_FR","og_type":"article","og_title":"Kit Boucles d'oreilles cerises en perles","og_description":"Mini kit boucles d'oreilles cerises en perles avec des perles Miyuki. Gr\u00e2ce au tuto vid\u00e9o, r\u00e9alisez des boucles d'oreilles vintage et originales en perles.","og_url":"https:\/\/alicier.com\/index.php\/produit\/mini-kit-boucles-doreilles-cerises-en-perles\/","og_site_name":"Alicier","article_modified_time":"2026-04-02T14:53:41+00:00","og_image":[{"width":1080,"height":1080,"url":"https:\/\/alicier.com\/wp-content\/uploads\/2026\/03\/kit-boucles-d-oreilles-cerises.jpg","type":"image\/jpeg"}],"twitter_card":"summary_large_image","twitter_misc":{"Dur\u00e9e de lecture estim\u00e9e":"2 minutes"},"schema":{"@context":"https:\/\/schema.org","@graph":[{"@type":"WebPage","@id":"https:\/\/alicier.com\/index.php\/produit\/mini-kit-boucles-doreilles-cerises-en-perles\/","url":"https:\/\/alicier.com\/index.php\/produit\/mini-kit-boucles-doreilles-cerises-en-perles\/","name":"Kit Boucles d'oreilles cerises en perles","isPartOf":{"@id":"https:\/\/alicier.com\/#website"},"primaryImageOfPage":{"@id":"https:\/\/alicier.com\/index.php\/produit\/mini-kit-boucles-doreilles-cerises-en-perles\/#primaryimage"},"image":{"@id":"https:\/\/alicier.com\/index.php\/produit\/mini-kit-boucles-doreilles-cerises-en-perles\/#primaryimage"},"thumbnailUrl":"https:\/\/alicier.com\/wp-content\/uploads\/2026\/03\/kit-boucles-d-oreilles-cerises.jpg","datePublished":"2026-03-12T15:51:38+00:00","dateModified":"2026-04-02T14:53:41+00:00","description":"Mini kit boucles d'oreilles cerises en perles avec des perles Miyuki. Gr\u00e2ce au tuto vid\u00e9o, r\u00e9alisez des boucles d'oreilles vintage et originales en perles.","breadcrumb":{"@id":"https:\/\/alicier.com\/index.php\/produit\/mini-kit-boucles-doreilles-cerises-en-perles\/#breadcrumb"},"inLanguage":"fr-FR","potentialAction":[{"@type":"ReadAction","target":["https:\/\/alicier.com\/index.php\/produit\/mini-kit-boucles-doreilles-cerises-en-perles\/"]}]},{"@type":"ImageObject","inLanguage":"fr-FR","@id":"https:\/\/alicier.com\/index.php\/produit\/mini-kit-boucles-doreilles-cerises-en-perles\/#primaryimage","url":"https:\/\/alicier.com\/wp-content\/uploads\/2026\/03\/kit-boucles-d-oreilles-cerises.jpg","contentUrl":"https:\/\/alicier.com\/wp-content\/uploads\/2026\/03\/kit-boucles-d-oreilles-cerises.jpg","width":1080,"height":1080,"caption":"kit boucles d'oreilles cerises en perles"},{"@type":"BreadcrumbList","@id":"https:\/\/alicier.com\/index.php\/produit\/mini-kit-boucles-doreilles-cerises-en-perles\/#breadcrumb","itemListElement":[{"@type":"ListItem","position":1,"name":"Accueil","item":"https:\/\/alicier.com\/"},{"@type":"ListItem","position":2,"name":"Boutique","item":"https:\/\/alicier.com\/index.php\/boutique\/"},{"@type":"ListItem","position":3,"name":"Mini Kit Boucles d&#8217;oreilles Cerises en perles"}]},{"@type":"WebSite","@id":"https:\/\/alicier.com\/#website","url":"https:\/\/alicier.com\/","name":"Alicier","description":"Perles &amp; DIY","publisher":{"@id":"https:\/\/alicier.com\/#organization"},"potentialAction":[{"@type":"SearchAction","target":{"@type":"EntryPoint","urlTemplate":"https:\/\/alicier.com\/?s={search_term_string}"},"query-input":{"@type":"PropertyValueSpecification","valueRequired":true,"valueName":"search_term_string"}}],"inLanguage":"fr-FR"},{"@type":"Organization","@id":"https:\/\/alicier.com\/#organization","name":"Alicier","url":"https:\/\/alicier.com\/","logo":{"@type":"ImageObject","inLanguage":"fr-FR","@id":"https:\/\/alicier.com\/#\/schema\/logo\/image\/","url":"https:\/\/alicier.com\/wp-content\/uploads\/2025\/04\/cropped-icon_alicier_2025_100.png","contentUrl":"https:\/\/alicier.com\/wp-content\/uploads\/2025\/04\/cropped-icon_alicier_2025_100.png","width":100,"height":100,"caption":"Alicier"},"image":{"@id":"https:\/\/alicier.com\/#\/schema\/logo\/image\/"}}]}},"jetpack_sharing_enabled":true,"_links":{"self":[{"href":"https:\/\/alicier.com\/index.php\/wp-json\/wp\/v2\/product\/2699","targetHints":{"allow":["GET"]}}],"collection":[{"href":"https:\/\/alicier.com\/index.php\/wp-json\/wp\/v2\/product"}],"about":[{"href":"https:\/\/alicier.com\/index.php\/wp-json\/wp\/v2\/types\/product"}],"replies":[{"embeddable":true,"href":"https:\/\/alicier.com\/index.php\/wp-json\/wp\/v2\/comments?post=2699"}],"wp:featuredmedia":[{"embeddable":true,"href":"https:\/\/alicier.com\/index.php\/wp-json\/wp\/v2\/media\/2706"}],"wp:attachment":[{"href":"https:\/\/alicier.com\/index.php\/wp-json\/wp\/v2\/media?parent=2699"}],"wp:term":[{"taxonomy":"product_brand","embeddable":true,"href":"https:\/\/alicier.com\/index.php\/wp-json\/wp\/v2\/product_brand?post=2699"},{"taxonomy":"product_cat","embeddable":true,"href":"https:\/\/alicier.com\/index.php\/wp-json\/wp\/v2\/product_cat?post=2699"},{"taxonomy":"product_tag","embeddable":true,"href":"https:\/\/alicier.com\/index.php\/wp-json\/wp\/v2\/product_tag?post=2699"}],"curies":[{"name":"wp","href":"https:\/\/api.w.org\/{rel}","templated":true}]}}

<p>Ce mini <strong>kit boucles d&#8217;oreilles Cerises en perles</strong> est rapide et facile à faire. <strong>Il vous faudra une pince coupante</strong> pour réaliser ces <strong>boucles d&#8217;oreilles en perles</strong>. Ce sont des boucles d&#8217;oreilles très mignonnes et originales avec un petit côté vintage. Ce mini-kit perles accompagne le tutoriel vidéo sortie sur ma chaîne YouTube Lalicier le 13 mars 2026. Dans le kit, vous aurez un QR code pour retrouver facilement la vidéo sans prise de tête. L&#8217;accès à cette vidéo est libre sans obligation d&#8217;achat.</p>
<p>Le kit boucles d&#8217;oreilles cerises en perles contient :</p>
<ul>
<li>1 g de rocailles Miyuki 11/0 2375 &#8211; Sage Luster</li>
<li>quelques perles de rocailles Miyuki Duracoat 11/0 4202 &#8211; Galvanized Gold</li>
<li>4 perles en verre rouges</li>
<li>4 coupelles fleurs</li>
<li>1 paire de boucles d&#8217;oreilles type &#8220;dormeuses&#8221; en acier inox doré 304L.</li>
<li>1 m de fil de cuivre doré</li>
</ul>
<p>Temps de réalisation : Entre 15 minutes et 20 minutes</p>
<p>Les boucles d&#8217;oreilles font environ 5 cm de long une fois finies.</p>
<p>Vendu dans une petite boîte en carton jaune pâle et sans la boîte transparente vissable de la photo.</p>

<p>Découvrez les mini <strong>kits boucles d&#8217;oreilles Cerises en perles</strong>. C&#8217;est un projet DIY perles très printannier et un brin vintage. Elles sont rapides à faire, idéales pour un cadeau ou un atelier mère-fille. <strong>Tout le matériel est inclu, excepté la pince coupante</strong>. Le kit ne contient pas d&#8217;instructions écrites mais renvoi au tutoriel vidéo disponible sur ma chaîne YouTube.</p>

<!-- This site is optimized with the Yoast SEO plugin v27.5 - https://yoast.com/product/yoast-seo-wordpress/ -->
<title>Kit Boucles d&#039;oreilles cerises en perles</title>
<meta name="description" content="Mini kit boucles d&#039;oreilles cerises en perles avec des perles Miyuki. Grâce au tuto vidéo, réalisez des boucles d&#039;oreilles vintage et originales en perles." />
<meta name="robots" content="index, follow, max-snippet:-1, max-image-preview:large, max-video-preview:-1" />
<link rel="canonical" href="https://alicier.com/index.php/produit/mini-kit-boucles-doreilles-cerises-en-perles/" />
<meta property="og:locale" content="fr_FR" />
<meta property="og:type" content="article" />
<meta property="og:title" content="Kit Boucles d&#039;oreilles cerises en perles" />
<meta property="og:description" content="Mini kit boucles d&#039;oreilles cerises en perles avec des perles Miyuki. Grâce au tuto vidéo, réalisez des boucles d&#039;oreilles vintage et originales en perles." />
<meta property="og:url" content="https://alicier.com/index.php/produit/mini-kit-boucles-doreilles-cerises-en-perles/" />
<meta property="og:site_name" content="Alicier" />
<meta property="article:modified_time" content="2026-04-02T14:53:41+00:00" />
<meta property="og:image" content="https://alicier.com/wp-content/uploads/2026/03/kit-boucles-d-oreilles-cerises.jpg" />
	<meta property="og:image:width" content="1080" />
	<meta property="og:image:height" content="1080" />
	<meta property="og:image:type" content="image/jpeg" />
<meta name="twitter:card" content="summary_large_image" />
<meta name="twitter:label1" content="Durée de lecture estimée" />
	<meta name="twitter:data1" content="2 minutes" />
<script type="application/ld+json" class="yoast-schema-graph">{"@context":"https:\/\/schema.org","@graph":[{"@type":"WebPage","@id":"https:\/\/alicier.com\/index.php\/produit\/mini-kit-boucles-doreilles-cerises-en-perles\/","url":"https:\/\/alicier.com\/index.php\/produit\/mini-kit-boucles-doreilles-cerises-en-perles\/","name":"Kit Boucles d'oreilles cerises en perles","isPartOf":{"@id":"https:\/\/alicier.com\/#website"},"primaryImageOfPage":{"@id":"https:\/\/alicier.com\/index.php\/produit\/mini-kit-boucles-doreilles-cerises-en-perles\/#primaryimage"},"image":{"@id":"https:\/\/alicier.com\/index.php\/produit\/mini-kit-boucles-doreilles-cerises-en-perles\/#primaryimage"},"thumbnailUrl":"https:\/\/alicier.com\/wp-content\/uploads\/2026\/03\/kit-boucles-d-oreilles-cerises.jpg","datePublished":"2026-03-12T15:51:38+00:00","dateModified":"2026-04-02T14:53:41+00:00","description":"Mini kit boucles d'oreilles cerises en perles avec des perles Miyuki. Grâce au tuto vidéo, réalisez des boucles d'oreilles vintage et originales en perles.","breadcrumb":{"@id":"https:\/\/alicier.com\/index.php\/produit\/mini-kit-boucles-doreilles-cerises-en-perles\/#breadcrumb"},"inLanguage":"fr-FR","potentialAction":[{"@type":"ReadAction","target":["https:\/\/alicier.com\/index.php\/produit\/mini-kit-boucles-doreilles-cerises-en-perles\/"]}]},{"@type":"ImageObject","inLanguage":"fr-FR","@id":"https:\/\/alicier.com\/index.php\/produit\/mini-kit-boucles-doreilles-cerises-en-perles\/#primaryimage","url":"https:\/\/alicier.com\/wp-content\/uploads\/2026\/03\/kit-boucles-d-oreilles-cerises.jpg","contentUrl":"https:\/\/alicier.com\/wp-content\/uploads\/2026\/03\/kit-boucles-d-oreilles-cerises.jpg","width":1080,"height":1080,"caption":"kit boucles d'oreilles cerises en perles"},{"@type":"BreadcrumbList","@id":"https:\/\/alicier.com\/index.php\/produit\/mini-kit-boucles-doreilles-cerises-en-perles\/#breadcrumb","itemListElement":[{"@type":"ListItem","position":1,"name":"Accueil","item":"https:\/\/alicier.com\/"},{"@type":"ListItem","position":2,"name":"Boutique","item":"https:\/\/alicier.com\/index.php\/boutique\/"},{"@type":"ListItem","position":3,"name":"Mini Kit Boucles d&#8217;oreilles Cerises en perles"}]},{"@type":"WebSite","@id":"https:\/\/alicier.com\/#website","url":"https:\/\/alicier.com\/","name":"Alicier","description":"Perles &amp; DIY","publisher":{"@id":"https:\/\/alicier.com\/#organization"},"potentialAction":[{"@type":"SearchAction","target":{"@type":"EntryPoint","urlTemplate":"https:\/\/alicier.com\/?s={search_term_string}"},"query-input":{"@type":"PropertyValueSpecification","valueRequired":true,"valueName":"search_term_string"}}],"inLanguage":"fr-FR"},{"@type":"Organization","@id":"https:\/\/alicier.com\/#organization","name":"Alicier","url":"https:\/\/alicier.com\/","logo":{"@type":"ImageObject","inLanguage":"fr-FR","@id":"https:\/\/alicier.com\/#\/schema\/logo\/image\/","url":"https:\/\/alicier.com\/wp-content\/uploads\/2025\/04\/cropped-icon_alicier_2025_100.png","contentUrl":"https:\/\/alicier.com\/wp-content\/uploads\/2025\/04\/cropped-icon_alicier_2025_100.png","width":100,"height":100,"caption":"Alicier"},"image":{"@id":"https:\/\/alicier.com\/#\/schema\/logo\/image\/"}}]}</script>
<!-- / Yoast SEO plugin. -->

Mini kit boucles d'oreilles cerises en perles avec des perles Miyuki. Grâce au tuto vidéo, réalisez des boucles d'oreilles vintage et originales en perles.
