{"id":2544,"date":"2026-02-13T18:26:15","date_gmt":"2026-02-13T17:26:15","guid":{"rendered":"https:\/\/alicier.com\/?post_type=product&#038;p=2544"},"modified":"2026-03-17T23:14:51","modified_gmt":"2026-03-17T22:14:51","slug":"assortiment-perles-miyuki-delica-11-leopard","status":"publish","type":"product","link":"https:\/\/alicier.com\/index.php\/produit\/assortiment-perles-miyuki-delica-11-leopard\/","title":{"rendered":"Assortiment perles Miyuki Delica 11\/0 L\u00e9opard dor\u00e9 &#8211; 4 couleurs x 2g"},"content":{"rendered":"<p>Cet <strong>assortiment perles Miyuki Delica 11\/0<\/strong> permet de r\u00e9aliser le mod\u00e8le de bracelet L\u00e9opard dor\u00e9 d\u00e9butant. Ce bracelet est un de vos bracelet pr\u00e9f\u00e9r\u00e9. C&#8217;est aussi un mod\u00e8le que je propose en <a href=\"https:\/\/alicier.com\/index.php\/categorie-produit\/kit-creatif-adulte\/\">kit tissage de perles Miyuki<\/a>.<\/p>\n<p>Le <strong>sch\u00e9ma imprim\u00e9 du Bracelet L\u00e9opard d\u00e9butant est offert<\/strong> pour tout achat d&#8217;un assortiment l\u00e9opard dor\u00e9 ou argent\u00e9. Vous pouvez aussi retrouver le sch\u00e9ma en PDF dans ce <a href=\"https:\/\/alicier.com\/index.php\/produit\/schemas-bracelets-miyuki-leopard\/\">pack de 3 sch\u00e9mas Bracelets Miyuki L\u00e9opard<\/a> et mini-coeur.<\/p>\n<p><strong>Chaque couleur est vendue par 2 g<\/strong>, conditionn\u00e9e dans de petites bo\u00eetes rondes viss\u00e9es, pratiques \u00e0 ranger et \u00e0 r\u00e9utiliser pour d&#8217;autres projets cr\u00e9atifs.<\/p>\n<p>Avec cet assortiment, vous pouvez reproduire le bracelet L\u00e9opard en version dor\u00e9 ou utiliser les couleurs pour d&#8217;autres mod\u00e8les de bijoux en perles Miyuki. Il s&#8217;agit bien d&#8217;un assortiment de perles. <strong>Ce produit ne contient pas le reste du mat\u00e9riel pour reproduire le bracelet (fil, fermoir ect&#8230;)<\/strong><\/p>\n<p>En achetant ce produit, vous recevrez 4 couleurs de perles Miyuki Delica 11\/0. Quantit\u00e9 : 2 gr par couleur, soit environ 350 perles de chaque couleur. Voici les r\u00e9f\u00e9rences des couleurs de cet assortiment :<\/p>\n<ul>\n<li>DB-1832 : Duracoat Galvanized Gold<\/li>\n<li>DB-0310 : Mat Opaque Black<\/li>\n<li>DB-2107 : Duracoat Opaque Cedar<\/li>\n<li>DB-0352 : Mat Opaque Cream<\/li>\n<\/ul>\n<p>Perles en verre<\/p>\n<p>Origine : Japon<\/p>\n","protected":false},"excerpt":{"rendered":"<p>Assortiment perles Miyuki Delica 11\/0 L\u00e9opard (4 couleurs ) pour r\u00e9aliser mon bracelet l\u00e9opard ou d\u2019autres bijoux. Vous recevez 2 g de chaque couleur dans de petites bo\u00eetes viss\u00e9es (ou sachets mini-grip en fonction de ce que vous avez choisie). Il s\u2019agit uniquement de perles : le fil, le fermoir et le reste du mat\u00e9riel ne sont pas inclus.<\/p>\n<p>Liste des r\u00e9f\u00e9rences de perles Miyuki Delica 11\/0 de l&#8217;assortiment :<\/p>\n<ul>\n<li>DB-1832 : Duracoat Galvanized Gold<\/li>\n<li>DB-0310 : Mat Opaque Black<\/li>\n<li>DB-2107 : Duracoat Opaque Cedar<\/li>\n<li>DB-0352 : Mat Opaque Cream<\/li>\n<\/ul>\n","protected":false},"featured_media":2547,"comment_status":"closed","ping_status":"closed","template":"","meta":[],"product_brand":[93],"product_cat":[103],"product_tag":[104],"class_list":{"0":"post-2544","1":"product","2":"type-product","3":"status-publish","4":"has-post-thumbnail","6":"product_brand-miyuki","7":"product_cat-assortiments-perles-miyuki-delica-11-0","8":"product_tag-assortiment-miyuki","10":"first","11":"instock","12":"shipping-taxable","13":"purchasable","14":"product-type-variable"},"yoast_head":"<!-- This site is optimized with the Yoast SEO plugin v27.3 - https:\/\/yoast.com\/product\/yoast-seo-wordpress\/ -->\n<title>Assortiment perles Miyuki Delica 11\/0 l\u00e9opard<\/title>\n<meta name=\"description\" content=\"Assortiment perles Miyuki Delica 11\/0 l\u00e9opard (4 couleurs) pour r\u00e9aliser mon bracelet l\u00e9opard d\u00e9butant en peyote pair version dor\u00e9e.\" \/>\n<meta name=\"robots\" content=\"index, follow, max-snippet:-1, max-image-preview:large, max-video-preview:-1\" \/>\n<link rel=\"canonical\" href=\"https:\/\/alicier.com\/index.php\/produit\/assortiment-perles-miyuki-delica-11-leopard\/\" \/>\n<meta property=\"og:locale\" content=\"fr_FR\" \/>\n<meta property=\"og:type\" content=\"article\" \/>\n<meta property=\"og:title\" content=\"Assortiment perles Miyuki Delica 11\/0 l\u00e9opard\" \/>\n<meta property=\"og:description\" content=\"Assortiment perles Miyuki Delica 11\/0 l\u00e9opard (4 couleurs) pour r\u00e9aliser mon bracelet l\u00e9opard d\u00e9butant en peyote pair version dor\u00e9e.\" \/>\n<meta property=\"og:url\" content=\"https:\/\/alicier.com\/index.php\/produit\/assortiment-perles-miyuki-delica-11-leopard\/\" \/>\n<meta property=\"og:site_name\" content=\"Alicier\" \/>\n<meta property=\"article:modified_time\" content=\"2026-03-17T22:14:51+00:00\" \/>\n<meta property=\"og:image\" content=\"https:\/\/alicier.com\/wp-content\/uploads\/2026\/02\/ASSORTIMENT-003.jpg\" \/>\n\t<meta property=\"og:image:width\" content=\"1080\" \/>\n\t<meta property=\"og:image:height\" content=\"1350\" \/>\n\t<meta property=\"og:image:type\" content=\"image\/jpeg\" \/>\n<meta name=\"twitter:card\" content=\"summary_large_image\" \/>\n<meta name=\"twitter:label1\" content=\"Dur\u00e9e de lecture estim\u00e9e\" \/>\n\t<meta name=\"twitter:data1\" content=\"2 minutes\" \/>\n<script type=\"application\/ld+json\" class=\"yoast-schema-graph\">{\"@context\":\"https:\\\/\\\/schema.org\",\"@graph\":[{\"@type\":\"WebPage\",\"@id\":\"https:\\\/\\\/alicier.com\\\/index.php\\\/produit\\\/assortiment-perles-miyuki-delica-11-leopard\\\/\",\"url\":\"https:\\\/\\\/alicier.com\\\/index.php\\\/produit\\\/assortiment-perles-miyuki-delica-11-leopard\\\/\",\"name\":\"Assortiment perles Miyuki Delica 11\\\/0 l\u00e9opard\",\"isPartOf\":{\"@id\":\"https:\\\/\\\/alicier.com\\\/#website\"},\"primaryImageOfPage\":{\"@id\":\"https:\\\/\\\/alicier.com\\\/index.php\\\/produit\\\/assortiment-perles-miyuki-delica-11-leopard\\\/#primaryimage\"},\"image\":{\"@id\":\"https:\\\/\\\/alicier.com\\\/index.php\\\/produit\\\/assortiment-perles-miyuki-delica-11-leopard\\\/#primaryimage\"},\"thumbnailUrl\":\"https:\\\/\\\/alicier.com\\\/wp-content\\\/uploads\\\/2026\\\/02\\\/ASSORTIMENT-003.jpg\",\"datePublished\":\"2026-02-13T17:26:15+00:00\",\"dateModified\":\"2026-03-17T22:14:51+00:00\",\"description\":\"Assortiment perles Miyuki Delica 11\\\/0 l\u00e9opard (4 couleurs) pour r\u00e9aliser mon bracelet l\u00e9opard d\u00e9butant en peyote pair version dor\u00e9e.\",\"breadcrumb\":{\"@id\":\"https:\\\/\\\/alicier.com\\\/index.php\\\/produit\\\/assortiment-perles-miyuki-delica-11-leopard\\\/#breadcrumb\"},\"inLanguage\":\"fr-FR\",\"potentialAction\":[{\"@type\":\"ReadAction\",\"target\":[\"https:\\\/\\\/alicier.com\\\/index.php\\\/produit\\\/assortiment-perles-miyuki-delica-11-leopard\\\/\"]}]},{\"@type\":\"ImageObject\",\"inLanguage\":\"fr-FR\",\"@id\":\"https:\\\/\\\/alicier.com\\\/index.php\\\/produit\\\/assortiment-perles-miyuki-delica-11-leopard\\\/#primaryimage\",\"url\":\"https:\\\/\\\/alicier.com\\\/wp-content\\\/uploads\\\/2026\\\/02\\\/ASSORTIMENT-003.jpg\",\"contentUrl\":\"https:\\\/\\\/alicier.com\\\/wp-content\\\/uploads\\\/2026\\\/02\\\/ASSORTIMENT-003.jpg\",\"width\":1080,\"height\":1350,\"caption\":\"Assortiment perles Miyuki Delica 11\\\/0 l\u00e9opard\"},{\"@type\":\"BreadcrumbList\",\"@id\":\"https:\\\/\\\/alicier.com\\\/index.php\\\/produit\\\/assortiment-perles-miyuki-delica-11-leopard\\\/#breadcrumb\",\"itemListElement\":[{\"@type\":\"ListItem\",\"position\":1,\"name\":\"Accueil\",\"item\":\"https:\\\/\\\/alicier.com\\\/\"},{\"@type\":\"ListItem\",\"position\":2,\"name\":\"Boutique\",\"item\":\"https:\\\/\\\/alicier.com\\\/index.php\\\/boutique\\\/\"},{\"@type\":\"ListItem\",\"position\":3,\"name\":\"Assortiment perles Miyuki Delica 11\\\/0 L\u00e9opard dor\u00e9 &#8211; 4 couleurs x 2g\"}]},{\"@type\":\"WebSite\",\"@id\":\"https:\\\/\\\/alicier.com\\\/#website\",\"url\":\"https:\\\/\\\/alicier.com\\\/\",\"name\":\"Alicier\",\"description\":\"Perles &amp; DIY\",\"publisher\":{\"@id\":\"https:\\\/\\\/alicier.com\\\/#organization\"},\"potentialAction\":[{\"@type\":\"SearchAction\",\"target\":{\"@type\":\"EntryPoint\",\"urlTemplate\":\"https:\\\/\\\/alicier.com\\\/?s={search_term_string}\"},\"query-input\":{\"@type\":\"PropertyValueSpecification\",\"valueRequired\":true,\"valueName\":\"search_term_string\"}}],\"inLanguage\":\"fr-FR\"},{\"@type\":\"Organization\",\"@id\":\"https:\\\/\\\/alicier.com\\\/#organization\",\"name\":\"Alicier\",\"url\":\"https:\\\/\\\/alicier.com\\\/\",\"logo\":{\"@type\":\"ImageObject\",\"inLanguage\":\"fr-FR\",\"@id\":\"https:\\\/\\\/alicier.com\\\/#\\\/schema\\\/logo\\\/image\\\/\",\"url\":\"https:\\\/\\\/alicier.com\\\/wp-content\\\/uploads\\\/2025\\\/04\\\/cropped-icon_alicier_2025_100.png\",\"contentUrl\":\"https:\\\/\\\/alicier.com\\\/wp-content\\\/uploads\\\/2025\\\/04\\\/cropped-icon_alicier_2025_100.png\",\"width\":100,\"height\":100,\"caption\":\"Alicier\"},\"image\":{\"@id\":\"https:\\\/\\\/alicier.com\\\/#\\\/schema\\\/logo\\\/image\\\/\"}}]}<\/script>\n<!-- \/ Yoast SEO plugin. -->","yoast_head_json":{"title":"Assortiment perles Miyuki Delica 11\/0 l\u00e9opard","description":"Assortiment perles Miyuki Delica 11\/0 l\u00e9opard (4 couleurs) pour r\u00e9aliser mon bracelet l\u00e9opard d\u00e9butant en peyote pair version dor\u00e9e.","robots":{"index":"index","follow":"follow","max-snippet":"max-snippet:-1","max-image-preview":"max-image-preview:large","max-video-preview":"max-video-preview:-1"},"canonical":"https:\/\/alicier.com\/index.php\/produit\/assortiment-perles-miyuki-delica-11-leopard\/","og_locale":"fr_FR","og_type":"article","og_title":"Assortiment perles Miyuki Delica 11\/0 l\u00e9opard","og_description":"Assortiment perles Miyuki Delica 11\/0 l\u00e9opard (4 couleurs) pour r\u00e9aliser mon bracelet l\u00e9opard d\u00e9butant en peyote pair version dor\u00e9e.","og_url":"https:\/\/alicier.com\/index.php\/produit\/assortiment-perles-miyuki-delica-11-leopard\/","og_site_name":"Alicier","article_modified_time":"2026-03-17T22:14:51+00:00","og_image":[{"width":1080,"height":1350,"url":"https:\/\/alicier.com\/wp-content\/uploads\/2026\/02\/ASSORTIMENT-003.jpg","type":"image\/jpeg"}],"twitter_card":"summary_large_image","twitter_misc":{"Dur\u00e9e de lecture estim\u00e9e":"2 minutes"},"schema":{"@context":"https:\/\/schema.org","@graph":[{"@type":"WebPage","@id":"https:\/\/alicier.com\/index.php\/produit\/assortiment-perles-miyuki-delica-11-leopard\/","url":"https:\/\/alicier.com\/index.php\/produit\/assortiment-perles-miyuki-delica-11-leopard\/","name":"Assortiment perles Miyuki Delica 11\/0 l\u00e9opard","isPartOf":{"@id":"https:\/\/alicier.com\/#website"},"primaryImageOfPage":{"@id":"https:\/\/alicier.com\/index.php\/produit\/assortiment-perles-miyuki-delica-11-leopard\/#primaryimage"},"image":{"@id":"https:\/\/alicier.com\/index.php\/produit\/assortiment-perles-miyuki-delica-11-leopard\/#primaryimage"},"thumbnailUrl":"https:\/\/alicier.com\/wp-content\/uploads\/2026\/02\/ASSORTIMENT-003.jpg","datePublished":"2026-02-13T17:26:15+00:00","dateModified":"2026-03-17T22:14:51+00:00","description":"Assortiment perles Miyuki Delica 11\/0 l\u00e9opard (4 couleurs) pour r\u00e9aliser mon bracelet l\u00e9opard d\u00e9butant en peyote pair version dor\u00e9e.","breadcrumb":{"@id":"https:\/\/alicier.com\/index.php\/produit\/assortiment-perles-miyuki-delica-11-leopard\/#breadcrumb"},"inLanguage":"fr-FR","potentialAction":[{"@type":"ReadAction","target":["https:\/\/alicier.com\/index.php\/produit\/assortiment-perles-miyuki-delica-11-leopard\/"]}]},{"@type":"ImageObject","inLanguage":"fr-FR","@id":"https:\/\/alicier.com\/index.php\/produit\/assortiment-perles-miyuki-delica-11-leopard\/#primaryimage","url":"https:\/\/alicier.com\/wp-content\/uploads\/2026\/02\/ASSORTIMENT-003.jpg","contentUrl":"https:\/\/alicier.com\/wp-content\/uploads\/2026\/02\/ASSORTIMENT-003.jpg","width":1080,"height":1350,"caption":"Assortiment perles Miyuki Delica 11\/0 l\u00e9opard"},{"@type":"BreadcrumbList","@id":"https:\/\/alicier.com\/index.php\/produit\/assortiment-perles-miyuki-delica-11-leopard\/#breadcrumb","itemListElement":[{"@type":"ListItem","position":1,"name":"Accueil","item":"https:\/\/alicier.com\/"},{"@type":"ListItem","position":2,"name":"Boutique","item":"https:\/\/alicier.com\/index.php\/boutique\/"},{"@type":"ListItem","position":3,"name":"Assortiment perles Miyuki Delica 11\/0 L\u00e9opard dor\u00e9 &#8211; 4 couleurs x 2g"}]},{"@type":"WebSite","@id":"https:\/\/alicier.com\/#website","url":"https:\/\/alicier.com\/","name":"Alicier","description":"Perles &amp; DIY","publisher":{"@id":"https:\/\/alicier.com\/#organization"},"potentialAction":[{"@type":"SearchAction","target":{"@type":"EntryPoint","urlTemplate":"https:\/\/alicier.com\/?s={search_term_string}"},"query-input":{"@type":"PropertyValueSpecification","valueRequired":true,"valueName":"search_term_string"}}],"inLanguage":"fr-FR"},{"@type":"Organization","@id":"https:\/\/alicier.com\/#organization","name":"Alicier","url":"https:\/\/alicier.com\/","logo":{"@type":"ImageObject","inLanguage":"fr-FR","@id":"https:\/\/alicier.com\/#\/schema\/logo\/image\/","url":"https:\/\/alicier.com\/wp-content\/uploads\/2025\/04\/cropped-icon_alicier_2025_100.png","contentUrl":"https:\/\/alicier.com\/wp-content\/uploads\/2025\/04\/cropped-icon_alicier_2025_100.png","width":100,"height":100,"caption":"Alicier"},"image":{"@id":"https:\/\/alicier.com\/#\/schema\/logo\/image\/"}}]}},"jetpack_sharing_enabled":true,"_links":{"self":[{"href":"https:\/\/alicier.com\/index.php\/wp-json\/wp\/v2\/product\/2544","targetHints":{"allow":["GET"]}}],"collection":[{"href":"https:\/\/alicier.com\/index.php\/wp-json\/wp\/v2\/product"}],"about":[{"href":"https:\/\/alicier.com\/index.php\/wp-json\/wp\/v2\/types\/product"}],"replies":[{"embeddable":true,"href":"https:\/\/alicier.com\/index.php\/wp-json\/wp\/v2\/comments?post=2544"}],"wp:featuredmedia":[{"embeddable":true,"href":"https:\/\/alicier.com\/index.php\/wp-json\/wp\/v2\/media\/2547"}],"wp:attachment":[{"href":"https:\/\/alicier.com\/index.php\/wp-json\/wp\/v2\/media?parent=2544"}],"wp:term":[{"taxonomy":"product_brand","embeddable":true,"href":"https:\/\/alicier.com\/index.php\/wp-json\/wp\/v2\/product_brand?post=2544"},{"taxonomy":"product_cat","embeddable":true,"href":"https:\/\/alicier.com\/index.php\/wp-json\/wp\/v2\/product_cat?post=2544"},{"taxonomy":"product_tag","embeddable":true,"href":"https:\/\/alicier.com\/index.php\/wp-json\/wp\/v2\/product_tag?post=2544"}],"curies":[{"name":"wp","href":"https:\/\/api.w.org\/{rel}","templated":true}]}}