{"id":2367,"date":"2025-12-17T18:21:46","date_gmt":"2025-12-17T17:21:46","guid":{"rendered":"https:\/\/alicier.com\/?post_type=product&#038;p=2367"},"modified":"2025-12-17T18:39:28","modified_gmt":"2025-12-17T17:39:28","slug":"schema-boucles-d-oreilles-miyuki-pendantes","status":"publish","type":"product","link":"https:\/\/alicier.com\/index.php\/produit\/schema-boucles-d-oreilles-miyuki-pendantes\/","title":{"rendered":"Sch\u00e9ma Boucles d&#8217;oreilles Miyuki pendantes mod\u00e8le hortensia (FR\/EN) \u2013 t\u00e9l\u00e9chargement PDF"},"content":{"rendered":"<p>Ce fichier PDF contient le <strong>sch\u00e9ma boucles d&#8217;oreilles Miyuki pendantes<\/strong> inspir\u00e9es du <a href=\"https:\/\/alicier.com\/index.php\/produit\/schema-bracelet-miyuki-peyote-pair\/\">bracelet mod\u00e8le Hortensia<\/a>. La partie sup\u00e9rieure des boucles d&#8217;oreilles est tiss\u00e9 en double brick stitch. Un tutoriel vid\u00e9o YouTube vous accompagne dans la r\u00e9alisation pas \u00e0 pas de ce type de boucles d&#8217;oreilles. Le mod\u00e8le de la vid\u00e9o est un peu diff\u00e9rent et en libre acc\u00e8s sur ma cha\u00eene lalicier mais la technique est identique.<\/p>\n<p>Dans ce PDF \u00e0 t\u00e9l\u00e9charger, vous trouverez :<\/p>\n<ul>\n<li>le <strong>sch\u00e9ma des boucles d&#8217;oreilles en version lettr\u00e9e<\/strong>, pour associer facilement chaque couleur de perle \u00e0 une lettre<\/li>\n<li>la<strong> charte\u00a0lettr\u00e9e <\/strong>rang par rang, pour suivre le tissage sans avoir \u00e0 regarder le diagramme en permanence<\/li>\n<li>un chapitre sur <strong>les bases du tissage de perles<\/strong> : une introduction aux diff\u00e9rentes techniques de tissage qui existent, le mat\u00e9riel, les techniques \u00e0 conna\u00eetre (longueur du fil, changement de fil\u2026)<\/li>\n<\/ul>\n<p>Ce qui est autoris\u00e9 avec l\u2019achat du PDF :<\/p>\n<p>cr\u00e9er les boucles d&#8217;oreilles pour vous-m\u00eame ou pour l\u2019offrir \u00e0 vos proches ;<\/p>\n<p>partager des photos de vos r\u00e9alisations inspir\u00e9es de ce mod\u00e8le sur les r\u00e9seaux sociaux (\u00e0 l\u2019exception de Pinterest, qui facilite beaucoup la copie), en me citant (@lalicier sur Instagram et TikTok ou @CreationsAlicier sur Facebook).<\/p>\n<p>Ce qui n\u2019est pas autoris\u00e9 :<\/p>\n<ul>\n<li>reproduire ou diffuser le contenu du PDF (sch\u00e9mas, trames, textes, images), m\u00eame dans un cadre priv\u00e9 ;<\/li>\n<li>exploiter le mod\u00e8le \u00e0 des fins commerciales, que ce soit pour vendre les bijoux r\u00e9alis\u00e9s, organiser des ateliers ou utiliser des extraits du sch\u00e9ma dans vos propres supports ;<\/li>\n<li>modifier ou r\u00e9utiliser mes photos, sch\u00e9mas ou textes en les pr\u00e9sentant comme les v\u00f4tres.<\/li>\n<\/ul>\n<p><em>Conform\u00e9ment \u00e0 l\u2019article L111-1 du Code de la propri\u00e9t\u00e9 intellectuelle, je conserve l\u2019int\u00e9gralit\u00e9 de mes droits en tant qu\u2019autrice de ce fichier. L\u2019achat de ce PDF n\u2019entra\u00eene aucun transfert de droits au profit de l\u2019acheteur. En vertu de l\u2019article L131-3, toute reproduction, repr\u00e9sentation ou exploitation en dehors de l\u2019usage priv\u00e9 d\u00e9crit ci-dessus est interdite sans mon autorisation \u00e9crite pr\u00e9alable.<\/em><\/p>\n","protected":false},"excerpt":{"rendered":"<p>Sch\u00e9ma PDF des boucles d&#8217;oreilles pendantes inspir\u00e9es du mod\u00e8le bracelet hortensia. Elles sont tiss\u00e9es en perles Miyuki Delica 11\/0 avec la technique du <strong>tissage Double Brick Stitch<\/strong>. Vous y trouverez un sch\u00e9ma lettr\u00e9 et une trame lettr\u00e9e rang par rang, \u00e0 utiliser avec la vid\u00e9o tutoriel gratuite disponible sur YouTube.<\/p>\n","protected":false},"featured_media":2370,"comment_status":"closed","ping_status":"closed","template":"","meta":[],"product_brand":[83],"product_cat":[99],"product_tag":[100],"class_list":{"0":"post-2367","1":"product","2":"type-product","3":"status-publish","4":"has-post-thumbnail","6":"product_brand-alicier","7":"product_cat-ebooks-et-schemas-pdf","8":"product_tag-ebook","10":"first","11":"instock","12":"downloadable","13":"virtual","14":"purchasable","15":"product-type-simple"},"yoast_head":"<!-- This site is optimized with the Yoast SEO plugin v27.3 - https:\/\/yoast.com\/product\/yoast-seo-wordpress\/ -->\n<title>sch\u00e9ma boucles d&#039;oreilles Miyuki pendantes<\/title>\n<meta name=\"description\" content=\"Sch\u00e9ma boucles d&#039;oreilles Miyuki pendantes en perles Delica 11\/0 : Mod\u00e8le li\u00e9 \u00e0 un tuto vid\u00e9o YouTube id\u00e9al pour s\u2019initier au tissage double brick stitch.\" \/>\n<meta name=\"robots\" content=\"index, follow, max-snippet:-1, max-image-preview:large, max-video-preview:-1\" \/>\n<link rel=\"canonical\" href=\"https:\/\/alicier.com\/index.php\/produit\/schema-boucles-d-oreilles-miyuki-pendantes\/\" \/>\n<meta property=\"og:locale\" content=\"fr_FR\" \/>\n<meta property=\"og:type\" content=\"article\" \/>\n<meta property=\"og:title\" content=\"sch\u00e9ma boucles d&#039;oreilles Miyuki pendantes\" \/>\n<meta property=\"og:description\" content=\"Sch\u00e9ma boucles d&#039;oreilles Miyuki pendantes en perles Delica 11\/0 : Mod\u00e8le li\u00e9 \u00e0 un tuto vid\u00e9o YouTube id\u00e9al pour s\u2019initier au tissage double brick stitch.\" \/>\n<meta property=\"og:url\" content=\"https:\/\/alicier.com\/index.php\/produit\/schema-boucles-d-oreilles-miyuki-pendantes\/\" \/>\n<meta property=\"og:site_name\" content=\"Alicier\" \/>\n<meta property=\"article:modified_time\" content=\"2025-12-17T17:39:28+00:00\" \/>\n<meta property=\"og:image\" content=\"https:\/\/alicier.com\/wp-content\/uploads\/2025\/12\/schema-boucles-pendantes-hortensia-1080.jpg\" \/>\n\t<meta property=\"og:image:width\" content=\"1080\" \/>\n\t<meta property=\"og:image:height\" content=\"1080\" \/>\n\t<meta property=\"og:image:type\" content=\"image\/jpeg\" \/>\n<meta name=\"twitter:card\" content=\"summary_large_image\" \/>\n<meta name=\"twitter:label1\" content=\"Dur\u00e9e de lecture estim\u00e9e\" \/>\n\t<meta name=\"twitter:data1\" content=\"2 minutes\" \/>\n<script type=\"application\/ld+json\" class=\"yoast-schema-graph\">{\"@context\":\"https:\\\/\\\/schema.org\",\"@graph\":[{\"@type\":\"WebPage\",\"@id\":\"https:\\\/\\\/alicier.com\\\/index.php\\\/produit\\\/schema-boucles-d-oreilles-miyuki-pendantes\\\/\",\"url\":\"https:\\\/\\\/alicier.com\\\/index.php\\\/produit\\\/schema-boucles-d-oreilles-miyuki-pendantes\\\/\",\"name\":\"sch\u00e9ma boucles d'oreilles Miyuki pendantes\",\"isPartOf\":{\"@id\":\"https:\\\/\\\/alicier.com\\\/#website\"},\"primaryImageOfPage\":{\"@id\":\"https:\\\/\\\/alicier.com\\\/index.php\\\/produit\\\/schema-boucles-d-oreilles-miyuki-pendantes\\\/#primaryimage\"},\"image\":{\"@id\":\"https:\\\/\\\/alicier.com\\\/index.php\\\/produit\\\/schema-boucles-d-oreilles-miyuki-pendantes\\\/#primaryimage\"},\"thumbnailUrl\":\"https:\\\/\\\/alicier.com\\\/wp-content\\\/uploads\\\/2025\\\/12\\\/schema-boucles-pendantes-hortensia-1080.jpg\",\"datePublished\":\"2025-12-17T17:21:46+00:00\",\"dateModified\":\"2025-12-17T17:39:28+00:00\",\"description\":\"Sch\u00e9ma boucles d'oreilles Miyuki pendantes en perles Delica 11\\\/0 : Mod\u00e8le li\u00e9 \u00e0 un tuto vid\u00e9o YouTube id\u00e9al pour s\u2019initier au tissage double brick stitch.\",\"breadcrumb\":{\"@id\":\"https:\\\/\\\/alicier.com\\\/index.php\\\/produit\\\/schema-boucles-d-oreilles-miyuki-pendantes\\\/#breadcrumb\"},\"inLanguage\":\"fr-FR\",\"potentialAction\":[{\"@type\":\"ReadAction\",\"target\":[\"https:\\\/\\\/alicier.com\\\/index.php\\\/produit\\\/schema-boucles-d-oreilles-miyuki-pendantes\\\/\"]}]},{\"@type\":\"ImageObject\",\"inLanguage\":\"fr-FR\",\"@id\":\"https:\\\/\\\/alicier.com\\\/index.php\\\/produit\\\/schema-boucles-d-oreilles-miyuki-pendantes\\\/#primaryimage\",\"url\":\"https:\\\/\\\/alicier.com\\\/wp-content\\\/uploads\\\/2025\\\/12\\\/schema-boucles-pendantes-hortensia-1080.jpg\",\"contentUrl\":\"https:\\\/\\\/alicier.com\\\/wp-content\\\/uploads\\\/2025\\\/12\\\/schema-boucles-pendantes-hortensia-1080.jpg\",\"width\":1080,\"height\":1080,\"caption\":\"Boucles d'oreilles pendantes Miyuki mod\u00e8le hortensia\"},{\"@type\":\"BreadcrumbList\",\"@id\":\"https:\\\/\\\/alicier.com\\\/index.php\\\/produit\\\/schema-boucles-d-oreilles-miyuki-pendantes\\\/#breadcrumb\",\"itemListElement\":[{\"@type\":\"ListItem\",\"position\":1,\"name\":\"Accueil\",\"item\":\"https:\\\/\\\/alicier.com\\\/\"},{\"@type\":\"ListItem\",\"position\":2,\"name\":\"Boutique\",\"item\":\"https:\\\/\\\/alicier.com\\\/index.php\\\/boutique\\\/\"},{\"@type\":\"ListItem\",\"position\":3,\"name\":\"Sch\u00e9ma Boucles d&rsquo;oreilles Miyuki pendantes mod\u00e8le hortensia (FR\\\/EN) \u2013 t\u00e9l\u00e9chargement PDF\"}]},{\"@type\":\"WebSite\",\"@id\":\"https:\\\/\\\/alicier.com\\\/#website\",\"url\":\"https:\\\/\\\/alicier.com\\\/\",\"name\":\"Alicier\",\"description\":\"Perles &amp; DIY\",\"publisher\":{\"@id\":\"https:\\\/\\\/alicier.com\\\/#organization\"},\"potentialAction\":[{\"@type\":\"SearchAction\",\"target\":{\"@type\":\"EntryPoint\",\"urlTemplate\":\"https:\\\/\\\/alicier.com\\\/?s={search_term_string}\"},\"query-input\":{\"@type\":\"PropertyValueSpecification\",\"valueRequired\":true,\"valueName\":\"search_term_string\"}}],\"inLanguage\":\"fr-FR\"},{\"@type\":\"Organization\",\"@id\":\"https:\\\/\\\/alicier.com\\\/#organization\",\"name\":\"Alicier\",\"url\":\"https:\\\/\\\/alicier.com\\\/\",\"logo\":{\"@type\":\"ImageObject\",\"inLanguage\":\"fr-FR\",\"@id\":\"https:\\\/\\\/alicier.com\\\/#\\\/schema\\\/logo\\\/image\\\/\",\"url\":\"https:\\\/\\\/alicier.com\\\/wp-content\\\/uploads\\\/2025\\\/04\\\/cropped-icon_alicier_2025_100.png\",\"contentUrl\":\"https:\\\/\\\/alicier.com\\\/wp-content\\\/uploads\\\/2025\\\/04\\\/cropped-icon_alicier_2025_100.png\",\"width\":100,\"height\":100,\"caption\":\"Alicier\"},\"image\":{\"@id\":\"https:\\\/\\\/alicier.com\\\/#\\\/schema\\\/logo\\\/image\\\/\"}}]}<\/script>\n<!-- \/ Yoast SEO plugin. -->","yoast_head_json":{"title":"sch\u00e9ma boucles d'oreilles Miyuki pendantes","description":"Sch\u00e9ma boucles d'oreilles Miyuki pendantes en perles Delica 11\/0 : Mod\u00e8le li\u00e9 \u00e0 un tuto vid\u00e9o YouTube id\u00e9al pour s\u2019initier au tissage double brick stitch.","robots":{"index":"index","follow":"follow","max-snippet":"max-snippet:-1","max-image-preview":"max-image-preview:large","max-video-preview":"max-video-preview:-1"},"canonical":"https:\/\/alicier.com\/index.php\/produit\/schema-boucles-d-oreilles-miyuki-pendantes\/","og_locale":"fr_FR","og_type":"article","og_title":"sch\u00e9ma boucles d'oreilles Miyuki pendantes","og_description":"Sch\u00e9ma boucles d'oreilles Miyuki pendantes en perles Delica 11\/0 : Mod\u00e8le li\u00e9 \u00e0 un tuto vid\u00e9o YouTube id\u00e9al pour s\u2019initier au tissage double brick stitch.","og_url":"https:\/\/alicier.com\/index.php\/produit\/schema-boucles-d-oreilles-miyuki-pendantes\/","og_site_name":"Alicier","article_modified_time":"2025-12-17T17:39:28+00:00","og_image":[{"width":1080,"height":1080,"url":"https:\/\/alicier.com\/wp-content\/uploads\/2025\/12\/schema-boucles-pendantes-hortensia-1080.jpg","type":"image\/jpeg"}],"twitter_card":"summary_large_image","twitter_misc":{"Dur\u00e9e de lecture estim\u00e9e":"2 minutes"},"schema":{"@context":"https:\/\/schema.org","@graph":[{"@type":"WebPage","@id":"https:\/\/alicier.com\/index.php\/produit\/schema-boucles-d-oreilles-miyuki-pendantes\/","url":"https:\/\/alicier.com\/index.php\/produit\/schema-boucles-d-oreilles-miyuki-pendantes\/","name":"sch\u00e9ma boucles d'oreilles Miyuki pendantes","isPartOf":{"@id":"https:\/\/alicier.com\/#website"},"primaryImageOfPage":{"@id":"https:\/\/alicier.com\/index.php\/produit\/schema-boucles-d-oreilles-miyuki-pendantes\/#primaryimage"},"image":{"@id":"https:\/\/alicier.com\/index.php\/produit\/schema-boucles-d-oreilles-miyuki-pendantes\/#primaryimage"},"thumbnailUrl":"https:\/\/alicier.com\/wp-content\/uploads\/2025\/12\/schema-boucles-pendantes-hortensia-1080.jpg","datePublished":"2025-12-17T17:21:46+00:00","dateModified":"2025-12-17T17:39:28+00:00","description":"Sch\u00e9ma boucles d'oreilles Miyuki pendantes en perles Delica 11\/0 : Mod\u00e8le li\u00e9 \u00e0 un tuto vid\u00e9o YouTube id\u00e9al pour s\u2019initier au tissage double brick stitch.","breadcrumb":{"@id":"https:\/\/alicier.com\/index.php\/produit\/schema-boucles-d-oreilles-miyuki-pendantes\/#breadcrumb"},"inLanguage":"fr-FR","potentialAction":[{"@type":"ReadAction","target":["https:\/\/alicier.com\/index.php\/produit\/schema-boucles-d-oreilles-miyuki-pendantes\/"]}]},{"@type":"ImageObject","inLanguage":"fr-FR","@id":"https:\/\/alicier.com\/index.php\/produit\/schema-boucles-d-oreilles-miyuki-pendantes\/#primaryimage","url":"https:\/\/alicier.com\/wp-content\/uploads\/2025\/12\/schema-boucles-pendantes-hortensia-1080.jpg","contentUrl":"https:\/\/alicier.com\/wp-content\/uploads\/2025\/12\/schema-boucles-pendantes-hortensia-1080.jpg","width":1080,"height":1080,"caption":"Boucles d'oreilles pendantes Miyuki mod\u00e8le hortensia"},{"@type":"BreadcrumbList","@id":"https:\/\/alicier.com\/index.php\/produit\/schema-boucles-d-oreilles-miyuki-pendantes\/#breadcrumb","itemListElement":[{"@type":"ListItem","position":1,"name":"Accueil","item":"https:\/\/alicier.com\/"},{"@type":"ListItem","position":2,"name":"Boutique","item":"https:\/\/alicier.com\/index.php\/boutique\/"},{"@type":"ListItem","position":3,"name":"Sch\u00e9ma Boucles d&rsquo;oreilles Miyuki pendantes mod\u00e8le hortensia (FR\/EN) \u2013 t\u00e9l\u00e9chargement PDF"}]},{"@type":"WebSite","@id":"https:\/\/alicier.com\/#website","url":"https:\/\/alicier.com\/","name":"Alicier","description":"Perles &amp; DIY","publisher":{"@id":"https:\/\/alicier.com\/#organization"},"potentialAction":[{"@type":"SearchAction","target":{"@type":"EntryPoint","urlTemplate":"https:\/\/alicier.com\/?s={search_term_string}"},"query-input":{"@type":"PropertyValueSpecification","valueRequired":true,"valueName":"search_term_string"}}],"inLanguage":"fr-FR"},{"@type":"Organization","@id":"https:\/\/alicier.com\/#organization","name":"Alicier","url":"https:\/\/alicier.com\/","logo":{"@type":"ImageObject","inLanguage":"fr-FR","@id":"https:\/\/alicier.com\/#\/schema\/logo\/image\/","url":"https:\/\/alicier.com\/wp-content\/uploads\/2025\/04\/cropped-icon_alicier_2025_100.png","contentUrl":"https:\/\/alicier.com\/wp-content\/uploads\/2025\/04\/cropped-icon_alicier_2025_100.png","width":100,"height":100,"caption":"Alicier"},"image":{"@id":"https:\/\/alicier.com\/#\/schema\/logo\/image\/"}}]}},"jetpack_sharing_enabled":true,"_links":{"self":[{"href":"https:\/\/alicier.com\/index.php\/wp-json\/wp\/v2\/product\/2367","targetHints":{"allow":["GET"]}}],"collection":[{"href":"https:\/\/alicier.com\/index.php\/wp-json\/wp\/v2\/product"}],"about":[{"href":"https:\/\/alicier.com\/index.php\/wp-json\/wp\/v2\/types\/product"}],"replies":[{"embeddable":true,"href":"https:\/\/alicier.com\/index.php\/wp-json\/wp\/v2\/comments?post=2367"}],"wp:featuredmedia":[{"embeddable":true,"href":"https:\/\/alicier.com\/index.php\/wp-json\/wp\/v2\/media\/2370"}],"wp:attachment":[{"href":"https:\/\/alicier.com\/index.php\/wp-json\/wp\/v2\/media?parent=2367"}],"wp:term":[{"taxonomy":"product_brand","embeddable":true,"href":"https:\/\/alicier.com\/index.php\/wp-json\/wp\/v2\/product_brand?post=2367"},{"taxonomy":"product_cat","embeddable":true,"href":"https:\/\/alicier.com\/index.php\/wp-json\/wp\/v2\/product_cat?post=2367"},{"taxonomy":"product_tag","embeddable":true,"href":"https:\/\/alicier.com\/index.php\/wp-json\/wp\/v2\/product_tag?post=2367"}],"curies":[{"name":"wp","href":"https:\/\/api.w.org\/{rel}","templated":true}]}}