{"id":2308,"date":"2025-12-04T18:21:39","date_gmt":"2025-12-04T17:21:39","guid":{"rendered":"https:\/\/alicier.com\/?post_type=product&#038;p=2308"},"modified":"2025-12-05T09:13:32","modified_gmt":"2025-12-05T08:13:32","slug":"schema-tissage-miyuki-bracelet","status":"publish","type":"product","link":"https:\/\/alicier.com\/index.php\/produit\/schema-tissage-miyuki-bracelet\/","title":{"rendered":"Sch\u00e9ma Bracelet Miyuki peyote impair mod\u00e8le cama\u00efeu (FR) \u2013 t\u00e9l\u00e9chargement PDF"},"content":{"rendered":"<p>Ce fichier PDF contient le <strong>sch\u00e9ma tissage Miyuki<\/strong> d\u00e9taill\u00e9 de mon bracelet Cama\u00efeu, un mod\u00e8le tr\u00e8s populaire de ma cha\u00eene YouTube L\u2019Alicier.<\/p>\n<p>Dans ce PDF \u00e0 t\u00e9l\u00e9charger, vous trouverez :<\/p>\n<ul>\n<li>le <strong>sch\u00e9ma du bracelet en version lettr\u00e9e<\/strong>, pour associer facilement chaque couleur de perle \u00e0 une lettre<\/li>\n<li>la <strong>trame lettr\u00e9e<\/strong> rang par rang, pour suivre le tissage sans avoir \u00e0 regarder le diagramme en permanence<\/li>\n<li>un chapitre sur <strong>les bases du tissage de perles<\/strong> : une introduction aux diff\u00e9rentes techniques de tissage qui existent, le mat\u00e9riel, les techniques \u00e0 conna\u00eetre (longueur du fil, changement de fil\u2026)<\/li>\n<\/ul>\n<p>Le <a href=\"https:\/\/alicier.com\/index.php\/2020\/11\/14\/apprendre-le-tissage-peyote-impair\/\">sch\u00e9ma de base du bracelet Cama\u00efeu<\/a> existe aussi en version image gratuite sur mon blog, mais sans les lettres pour se rep\u00e9rer. Le PDF vous offre une version plus confortable \u00e0 lire et \u00e0 utiliser, avec une pr\u00e9sentation pens\u00e9e pour l\u2019impression et le suivi rang par rang.<\/p>\n<p>La vid\u00e9o tutoriel du bracelet Cama\u00efeu est disponible gratuitement sur YouTube et vous permet de voir chaque \u00e9tape du tissage peyote impair. Le lien vers la vid\u00e9o est rappel\u00e9 dans le PDF afin que vous puissiez y acc\u00e9der facilement.<\/p>\n<p>Notez que le produit re\u00e7u est un fichier digital au format PDF. Aucun produit physique ne sera envoy\u00e9 en achetant ce produit. Apr\u00e8s achat, le fichier sera disponible au t\u00e9l\u00e9chargement dans votre compte client.<\/p>\n<p>Si vous avez besoin du <strong>mat\u00e9riel pour r\u00e9aliser le bracelet<\/strong>, vous trouverez toutes les r\u00e9f\u00e9rences n\u00e9cessaires chez Perles &amp; Co via ce lien d\u2019affiliation : <a href=\"https:\/\/www.perlesandco.com\/cart\/1150171#ref=2191&amp;utm_source=409586&amp;utm_medium=affiliate&amp;utm_content=2191\">Mat\u00e9riel bracelet Camaieu Miyuki<\/a>.<\/p>\n<p>Vous pouvez aussi choisir d\u2019<a href=\"https:\/\/alicier.com\/index.php\/produit\/assortiment-camaieu-perles-miyuki\/\"><strong>acheter uniquement les perles<\/strong><\/a> gr\u00e2ce \u00e0 cet assortiment, si vous avez d\u00e9j\u00e0 le reste du mat\u00e9riel \u00e0 la maison.<\/p>\n<p>Ce qui est autoris\u00e9 avec l\u2019achat du PDF :<\/p>\n<p>cr\u00e9er le bracelet pour vous-m\u00eame ou pour l\u2019offrir \u00e0 vos proches ;<\/p>\n<p>partager des photos de vos r\u00e9alisations inspir\u00e9es de ce mod\u00e8le sur les r\u00e9seaux sociaux (\u00e0 l\u2019exception de Pinterest, qui facilite beaucoup la copie), en me citant (@lalicier sur Instagram et TikTok ou @CreationsAlicier sur Facebook).<\/p>\n<p>Ce qui n\u2019est pas autoris\u00e9 :<\/p>\n<ul>\n<li>reproduire ou diffuser le contenu du PDF (sch\u00e9mas, trames, textes, images), m\u00eame dans un cadre priv\u00e9 ;<\/li>\n<li>exploiter le mod\u00e8le \u00e0 des fins commerciales, que ce soit pour vendre les bijoux r\u00e9alis\u00e9s, organiser des ateliers ou utiliser des extraits du sch\u00e9ma dans vos propres supports ;<\/li>\n<li>modifier ou r\u00e9utiliser mes photos, sch\u00e9mas ou textes en les pr\u00e9sentant comme les v\u00f4tres.<\/li>\n<\/ul>\n<p><em>Conform\u00e9ment \u00e0 l\u2019article L111-1 du Code de la propri\u00e9t\u00e9 intellectuelle, je conserve l\u2019int\u00e9gralit\u00e9 de mes droits en tant qu\u2019autrice de ce fichier. L\u2019achat de ce PDF n\u2019entra\u00eene aucun transfert de droits au profit de l\u2019acheteur. En vertu de l\u2019article L131-3, toute reproduction, repr\u00e9sentation ou exploitation en dehors de l\u2019usage priv\u00e9 d\u00e9crit ci-dessus est interdite sans mon autorisation \u00e9crite pr\u00e9alable.<\/em><\/p>\n","protected":false},"excerpt":{"rendered":"<p>Sch\u00e9ma PDF du bracelet Cama\u00efeu en perles Miyuki Delica 11\/0, technique tissage Peyote impair. Vous y trouverez un sch\u00e9ma lettr\u00e9 et une trame lettr\u00e9e rang par rang, \u00e0 utiliser avec la vid\u00e9o tutoriel gratuite disponible sur YouTube.<\/p>\n","protected":false},"featured_media":2309,"comment_status":"closed","ping_status":"closed","template":"","meta":[],"product_brand":[83],"product_cat":[99],"product_tag":[100],"class_list":{"0":"post-2308","1":"product","2":"type-product","3":"status-publish","4":"has-post-thumbnail","6":"product_brand-alicier","7":"product_cat-ebooks-et-schemas-pdf","8":"product_tag-ebook","10":"first","11":"instock","12":"downloadable","13":"virtual","14":"purchasable","15":"product-type-simple"},"yoast_head":"<!-- This site is optimized with the Yoast SEO plugin v27.3 - https:\/\/yoast.com\/product\/yoast-seo-wordpress\/ -->\n<title>Sch\u00e9ma tissage Miyuki Bracelet Cama\u00efeu Peyote Impair<\/title>\n<meta name=\"description\" content=\"Sch\u00e9ma tissage Miyuki bracelet Cama\u00efeu en perles Delica 11\/0 : Mod\u00e8le li\u00e9 \u00e0 un tuto vid\u00e9o YouTube id\u00e9al pour s\u2019initier au peyote impair.\" \/>\n<meta name=\"robots\" content=\"index, follow, max-snippet:-1, max-image-preview:large, max-video-preview:-1\" \/>\n<link rel=\"canonical\" href=\"https:\/\/alicier.com\/index.php\/produit\/schema-tissage-miyuki-bracelet\/\" \/>\n<meta property=\"og:locale\" content=\"fr_FR\" \/>\n<meta property=\"og:type\" content=\"article\" \/>\n<meta property=\"og:title\" content=\"Sch\u00e9ma tissage Miyuki Bracelet Cama\u00efeu Peyote Impair\" \/>\n<meta property=\"og:description\" content=\"Sch\u00e9ma tissage Miyuki bracelet Cama\u00efeu en perles Delica 11\/0 : Mod\u00e8le li\u00e9 \u00e0 un tuto vid\u00e9o YouTube id\u00e9al pour s\u2019initier au peyote impair.\" \/>\n<meta property=\"og:url\" content=\"https:\/\/alicier.com\/index.php\/produit\/schema-tissage-miyuki-bracelet\/\" \/>\n<meta property=\"og:site_name\" content=\"Alicier\" \/>\n<meta property=\"article:modified_time\" content=\"2025-12-05T08:13:32+00:00\" \/>\n<meta property=\"og:image\" content=\"https:\/\/alicier.com\/wp-content\/uploads\/2025\/12\/Schema-bracelet-camaieu-vue-catalogue.jpg\" \/>\n\t<meta property=\"og:image:width\" content=\"1080\" \/>\n\t<meta property=\"og:image:height\" content=\"1080\" \/>\n\t<meta property=\"og:image:type\" content=\"image\/jpeg\" \/>\n<meta name=\"twitter:card\" content=\"summary_large_image\" \/>\n<meta name=\"twitter:label1\" content=\"Dur\u00e9e de lecture estim\u00e9e\" \/>\n\t<meta name=\"twitter:data1\" content=\"3 minutes\" \/>\n<script type=\"application\/ld+json\" class=\"yoast-schema-graph\">{\"@context\":\"https:\\\/\\\/schema.org\",\"@graph\":[{\"@type\":\"WebPage\",\"@id\":\"https:\\\/\\\/alicier.com\\\/index.php\\\/produit\\\/schema-tissage-miyuki-bracelet\\\/\",\"url\":\"https:\\\/\\\/alicier.com\\\/index.php\\\/produit\\\/schema-tissage-miyuki-bracelet\\\/\",\"name\":\"Sch\u00e9ma tissage Miyuki Bracelet Cama\u00efeu Peyote Impair\",\"isPartOf\":{\"@id\":\"https:\\\/\\\/alicier.com\\\/#website\"},\"primaryImageOfPage\":{\"@id\":\"https:\\\/\\\/alicier.com\\\/index.php\\\/produit\\\/schema-tissage-miyuki-bracelet\\\/#primaryimage\"},\"image\":{\"@id\":\"https:\\\/\\\/alicier.com\\\/index.php\\\/produit\\\/schema-tissage-miyuki-bracelet\\\/#primaryimage\"},\"thumbnailUrl\":\"https:\\\/\\\/alicier.com\\\/wp-content\\\/uploads\\\/2025\\\/12\\\/Schema-bracelet-camaieu-vue-catalogue.jpg\",\"datePublished\":\"2025-12-04T17:21:39+00:00\",\"dateModified\":\"2025-12-05T08:13:32+00:00\",\"description\":\"Sch\u00e9ma tissage Miyuki bracelet Cama\u00efeu en perles Delica 11\\\/0 : Mod\u00e8le li\u00e9 \u00e0 un tuto vid\u00e9o YouTube id\u00e9al pour s\u2019initier au peyote impair.\",\"breadcrumb\":{\"@id\":\"https:\\\/\\\/alicier.com\\\/index.php\\\/produit\\\/schema-tissage-miyuki-bracelet\\\/#breadcrumb\"},\"inLanguage\":\"fr-FR\",\"potentialAction\":[{\"@type\":\"ReadAction\",\"target\":[\"https:\\\/\\\/alicier.com\\\/index.php\\\/produit\\\/schema-tissage-miyuki-bracelet\\\/\"]}]},{\"@type\":\"ImageObject\",\"inLanguage\":\"fr-FR\",\"@id\":\"https:\\\/\\\/alicier.com\\\/index.php\\\/produit\\\/schema-tissage-miyuki-bracelet\\\/#primaryimage\",\"url\":\"https:\\\/\\\/alicier.com\\\/wp-content\\\/uploads\\\/2025\\\/12\\\/Schema-bracelet-camaieu-vue-catalogue.jpg\",\"contentUrl\":\"https:\\\/\\\/alicier.com\\\/wp-content\\\/uploads\\\/2025\\\/12\\\/Schema-bracelet-camaieu-vue-catalogue.jpg\",\"width\":1080,\"height\":1080,\"caption\":\"Couverture du sch\u00e9ma pdf bracelet cama\u00efeu en perles Miyuki\"},{\"@type\":\"BreadcrumbList\",\"@id\":\"https:\\\/\\\/alicier.com\\\/index.php\\\/produit\\\/schema-tissage-miyuki-bracelet\\\/#breadcrumb\",\"itemListElement\":[{\"@type\":\"ListItem\",\"position\":1,\"name\":\"Accueil\",\"item\":\"https:\\\/\\\/alicier.com\\\/\"},{\"@type\":\"ListItem\",\"position\":2,\"name\":\"Boutique\",\"item\":\"https:\\\/\\\/alicier.com\\\/index.php\\\/boutique\\\/\"},{\"@type\":\"ListItem\",\"position\":3,\"name\":\"Sch\u00e9ma Bracelet Miyuki peyote impair mod\u00e8le cama\u00efeu (FR) \u2013 t\u00e9l\u00e9chargement PDF\"}]},{\"@type\":\"WebSite\",\"@id\":\"https:\\\/\\\/alicier.com\\\/#website\",\"url\":\"https:\\\/\\\/alicier.com\\\/\",\"name\":\"Alicier\",\"description\":\"Perles &amp; DIY\",\"publisher\":{\"@id\":\"https:\\\/\\\/alicier.com\\\/#organization\"},\"potentialAction\":[{\"@type\":\"SearchAction\",\"target\":{\"@type\":\"EntryPoint\",\"urlTemplate\":\"https:\\\/\\\/alicier.com\\\/?s={search_term_string}\"},\"query-input\":{\"@type\":\"PropertyValueSpecification\",\"valueRequired\":true,\"valueName\":\"search_term_string\"}}],\"inLanguage\":\"fr-FR\"},{\"@type\":\"Organization\",\"@id\":\"https:\\\/\\\/alicier.com\\\/#organization\",\"name\":\"Alicier\",\"url\":\"https:\\\/\\\/alicier.com\\\/\",\"logo\":{\"@type\":\"ImageObject\",\"inLanguage\":\"fr-FR\",\"@id\":\"https:\\\/\\\/alicier.com\\\/#\\\/schema\\\/logo\\\/image\\\/\",\"url\":\"https:\\\/\\\/alicier.com\\\/wp-content\\\/uploads\\\/2025\\\/04\\\/cropped-icon_alicier_2025_100.png\",\"contentUrl\":\"https:\\\/\\\/alicier.com\\\/wp-content\\\/uploads\\\/2025\\\/04\\\/cropped-icon_alicier_2025_100.png\",\"width\":100,\"height\":100,\"caption\":\"Alicier\"},\"image\":{\"@id\":\"https:\\\/\\\/alicier.com\\\/#\\\/schema\\\/logo\\\/image\\\/\"}}]}<\/script>\n<!-- \/ Yoast SEO plugin. -->","yoast_head_json":{"title":"Sch\u00e9ma tissage Miyuki Bracelet Cama\u00efeu Peyote Impair","description":"Sch\u00e9ma tissage Miyuki bracelet Cama\u00efeu en perles Delica 11\/0 : Mod\u00e8le li\u00e9 \u00e0 un tuto vid\u00e9o YouTube id\u00e9al pour s\u2019initier au peyote impair.","robots":{"index":"index","follow":"follow","max-snippet":"max-snippet:-1","max-image-preview":"max-image-preview:large","max-video-preview":"max-video-preview:-1"},"canonical":"https:\/\/alicier.com\/index.php\/produit\/schema-tissage-miyuki-bracelet\/","og_locale":"fr_FR","og_type":"article","og_title":"Sch\u00e9ma tissage Miyuki Bracelet Cama\u00efeu Peyote Impair","og_description":"Sch\u00e9ma tissage Miyuki bracelet Cama\u00efeu en perles Delica 11\/0 : Mod\u00e8le li\u00e9 \u00e0 un tuto vid\u00e9o YouTube id\u00e9al pour s\u2019initier au peyote impair.","og_url":"https:\/\/alicier.com\/index.php\/produit\/schema-tissage-miyuki-bracelet\/","og_site_name":"Alicier","article_modified_time":"2025-12-05T08:13:32+00:00","og_image":[{"width":1080,"height":1080,"url":"https:\/\/alicier.com\/wp-content\/uploads\/2025\/12\/Schema-bracelet-camaieu-vue-catalogue.jpg","type":"image\/jpeg"}],"twitter_card":"summary_large_image","twitter_misc":{"Dur\u00e9e de lecture estim\u00e9e":"3 minutes"},"schema":{"@context":"https:\/\/schema.org","@graph":[{"@type":"WebPage","@id":"https:\/\/alicier.com\/index.php\/produit\/schema-tissage-miyuki-bracelet\/","url":"https:\/\/alicier.com\/index.php\/produit\/schema-tissage-miyuki-bracelet\/","name":"Sch\u00e9ma tissage Miyuki Bracelet Cama\u00efeu Peyote Impair","isPartOf":{"@id":"https:\/\/alicier.com\/#website"},"primaryImageOfPage":{"@id":"https:\/\/alicier.com\/index.php\/produit\/schema-tissage-miyuki-bracelet\/#primaryimage"},"image":{"@id":"https:\/\/alicier.com\/index.php\/produit\/schema-tissage-miyuki-bracelet\/#primaryimage"},"thumbnailUrl":"https:\/\/alicier.com\/wp-content\/uploads\/2025\/12\/Schema-bracelet-camaieu-vue-catalogue.jpg","datePublished":"2025-12-04T17:21:39+00:00","dateModified":"2025-12-05T08:13:32+00:00","description":"Sch\u00e9ma tissage Miyuki bracelet Cama\u00efeu en perles Delica 11\/0 : Mod\u00e8le li\u00e9 \u00e0 un tuto vid\u00e9o YouTube id\u00e9al pour s\u2019initier au peyote impair.","breadcrumb":{"@id":"https:\/\/alicier.com\/index.php\/produit\/schema-tissage-miyuki-bracelet\/#breadcrumb"},"inLanguage":"fr-FR","potentialAction":[{"@type":"ReadAction","target":["https:\/\/alicier.com\/index.php\/produit\/schema-tissage-miyuki-bracelet\/"]}]},{"@type":"ImageObject","inLanguage":"fr-FR","@id":"https:\/\/alicier.com\/index.php\/produit\/schema-tissage-miyuki-bracelet\/#primaryimage","url":"https:\/\/alicier.com\/wp-content\/uploads\/2025\/12\/Schema-bracelet-camaieu-vue-catalogue.jpg","contentUrl":"https:\/\/alicier.com\/wp-content\/uploads\/2025\/12\/Schema-bracelet-camaieu-vue-catalogue.jpg","width":1080,"height":1080,"caption":"Couverture du sch\u00e9ma pdf bracelet cama\u00efeu en perles Miyuki"},{"@type":"BreadcrumbList","@id":"https:\/\/alicier.com\/index.php\/produit\/schema-tissage-miyuki-bracelet\/#breadcrumb","itemListElement":[{"@type":"ListItem","position":1,"name":"Accueil","item":"https:\/\/alicier.com\/"},{"@type":"ListItem","position":2,"name":"Boutique","item":"https:\/\/alicier.com\/index.php\/boutique\/"},{"@type":"ListItem","position":3,"name":"Sch\u00e9ma Bracelet Miyuki peyote impair mod\u00e8le cama\u00efeu (FR) \u2013 t\u00e9l\u00e9chargement PDF"}]},{"@type":"WebSite","@id":"https:\/\/alicier.com\/#website","url":"https:\/\/alicier.com\/","name":"Alicier","description":"Perles &amp; DIY","publisher":{"@id":"https:\/\/alicier.com\/#organization"},"potentialAction":[{"@type":"SearchAction","target":{"@type":"EntryPoint","urlTemplate":"https:\/\/alicier.com\/?s={search_term_string}"},"query-input":{"@type":"PropertyValueSpecification","valueRequired":true,"valueName":"search_term_string"}}],"inLanguage":"fr-FR"},{"@type":"Organization","@id":"https:\/\/alicier.com\/#organization","name":"Alicier","url":"https:\/\/alicier.com\/","logo":{"@type":"ImageObject","inLanguage":"fr-FR","@id":"https:\/\/alicier.com\/#\/schema\/logo\/image\/","url":"https:\/\/alicier.com\/wp-content\/uploads\/2025\/04\/cropped-icon_alicier_2025_100.png","contentUrl":"https:\/\/alicier.com\/wp-content\/uploads\/2025\/04\/cropped-icon_alicier_2025_100.png","width":100,"height":100,"caption":"Alicier"},"image":{"@id":"https:\/\/alicier.com\/#\/schema\/logo\/image\/"}}]}},"jetpack_sharing_enabled":true,"_links":{"self":[{"href":"https:\/\/alicier.com\/index.php\/wp-json\/wp\/v2\/product\/2308","targetHints":{"allow":["GET"]}}],"collection":[{"href":"https:\/\/alicier.com\/index.php\/wp-json\/wp\/v2\/product"}],"about":[{"href":"https:\/\/alicier.com\/index.php\/wp-json\/wp\/v2\/types\/product"}],"replies":[{"embeddable":true,"href":"https:\/\/alicier.com\/index.php\/wp-json\/wp\/v2\/comments?post=2308"}],"wp:featuredmedia":[{"embeddable":true,"href":"https:\/\/alicier.com\/index.php\/wp-json\/wp\/v2\/media\/2309"}],"wp:attachment":[{"href":"https:\/\/alicier.com\/index.php\/wp-json\/wp\/v2\/media?parent=2308"}],"wp:term":[{"taxonomy":"product_brand","embeddable":true,"href":"https:\/\/alicier.com\/index.php\/wp-json\/wp\/v2\/product_brand?post=2308"},{"taxonomy":"product_cat","embeddable":true,"href":"https:\/\/alicier.com\/index.php\/wp-json\/wp\/v2\/product_cat?post=2308"},{"taxonomy":"product_tag","embeddable":true,"href":"https:\/\/alicier.com\/index.php\/wp-json\/wp\/v2\/product_tag?post=2308"}],"curies":[{"name":"wp","href":"https:\/\/api.w.org\/{rel}","templated":true}]}}