{"id":1943,"date":"2025-09-30T13:25:35","date_gmt":"2025-09-30T11:25:35","guid":{"rendered":"https:\/\/alicier.com\/?post_type=product&#038;p=1943"},"modified":"2026-01-15T18:25:00","modified_gmt":"2026-01-15T17:25:00","slug":"tapis-pour-perles-rose-278x355-cm-beadsmith","status":"publish","type":"product","link":"https:\/\/alicier.com\/index.php\/produit\/tapis-pour-perles-rose-278x355-cm-beadsmith\/","title":{"rendered":"Tapis pour perles rose 27,8&#215;35,5 cm BeadSmith"},"content":{"rendered":"<p data-start=\"211\" data-end=\"555\">Le <strong data-start=\"278\" data-end=\"309\">tapis pour perles rose Beadsmith<\/strong> est la solution id\u00e9ale pour travailler confortablement et garder vos perles bien en place. Fabriqu\u00e9 dans une mati\u00e8re douce et l\u00e9g\u00e8rement duveteuse, il emp\u00eache les perles de rouler, m\u00eame les plus petites comme les <strong data-start=\"524\" data-end=\"552\">rocailles Miyuki ou Toho<\/strong>. Les petits poils du tapis permettent \u00e9galement de redresser les perles lorsqu&#8217;on essaie de les enfiler avec l&#8217;aiguille. L&#8217;enfilage de perles devient ENFIN une activit\u00e9 d\u00e9tente ! \ud83d\ude09<\/p>\n<p data-start=\"557\" data-end=\"873\">Ce tapis est plut\u00f4t grand : <strong data-start=\"585\" data-end=\"618\">27,8 x 35,5 cm (11 x 14 pouces)<\/strong>, il vous offre un large espace de travail pour organiser vos perles, aiguilles et appr\u00eats. Ce tapis pour perles de couleur rose met en valeur vos perles en cr\u00e9ant un contraste agr\u00e9able, ce qui facilite le tissage et am\u00e9liore votre confort visuel.<\/p>\n<p data-start=\"875\" data-end=\"1181\">C\u2019est un accessoire indispensable pour toutes vos cr\u00e9ations : <strong data-start=\"937\" data-end=\"1004\">tissage de perles, broderie perl\u00e9e, tri de perles Miyuki Delica<\/strong>, mais aussi pour manipuler des appr\u00eats fins sans les perdre. Vous pouvez aussi piquer votre <a href=\"https:\/\/alicier.com\/index.php\/produit\/aiguilles-miyuki-taille-12-pour-le-tissage-de-perles-x6\/\">aiguille Miyuki<\/a> dans le tapis pour ne pas la perdre. L\u00e9ger et facile \u00e0 transporter, il vous accompagnera aussi bien \u00e0 l\u2019atelier que lors de vos d\u00e9placements cr\u00e9atifs.<\/p>\n<p data-start=\"875\" data-end=\"1181\">Mon astuce : Choisissez un petit plateau \u00e0 th\u00e9, red\u00e9coupez le tapis pour qu&#8217;il s&#8217;ins\u00e8re parfaitement sur votre plateau et vous avez \u00e0 pr\u00e9sent un plateau de perlage maison. \u00c7a sera beaucoup plus simple de transporter vos perles d&#8217;une pi\u00e8ce \u00e0 l&#8217;autre de la maison.<\/p>\n<p data-start=\"875\" data-end=\"1181\">Couleur : <strong>vieux rose<\/strong> tirant l\u00e9g\u00e8rement sur le mauve.<\/p>\n<p data-start=\"875\" data-end=\"1181\"><strong>Tapis exp\u00e9di\u00e9 pli\u00e9. Celui-ci peut pr\u00e9senter des traces de plis.<\/strong><\/p>\n<p data-start=\"875\" data-end=\"1181\"><strong>Perles non inclues.<\/strong><\/p>\n","protected":false},"excerpt":{"rendered":"<p>Tapis pour perles rose Beadsmith 27,8 x 35,5 cm, id\u00e9al pour emp\u00eacher les perles de rouler. Mati\u00e8re douce, parfait pour le tissage de perles et la broderie perl\u00e9e.<\/p>\n","protected":false},"featured_media":1946,"comment_status":"closed","ping_status":"closed","template":"","meta":[],"product_brand":[91],"product_cat":[89],"product_tag":[],"class_list":{"0":"post-1943","1":"product","2":"type-product","3":"status-publish","4":"has-post-thumbnail","6":"product_brand-beadsmith","7":"product_cat-fils-outils-pour-le-tissage-de-perles","9":"first","10":"instock","11":"sold-individually","12":"shipping-taxable","13":"purchasable","14":"product-type-simple"},"yoast_head":"<!-- This site is optimized with the Yoast SEO plugin v27.3 - https:\/\/yoast.com\/product\/yoast-seo-wordpress\/ -->\n<title>Tapis pour perles rose 27,8x35,5 cm BeadSmith<\/title>\n<meta name=\"description\" content=\"Tapis pour perles rose. Surface duveteuse qui emp\u00eache les perles de rouler, id\u00e9al pour le tissage de perles Miyuki et la broderie.\" \/>\n<meta name=\"robots\" content=\"index, follow, max-snippet:-1, max-image-preview:large, max-video-preview:-1\" \/>\n<link rel=\"canonical\" href=\"https:\/\/alicier.com\/index.php\/produit\/tapis-pour-perles-rose-278x355-cm-beadsmith\/\" \/>\n<meta property=\"og:locale\" content=\"fr_FR\" \/>\n<meta property=\"og:type\" content=\"article\" \/>\n<meta property=\"og:title\" content=\"Tapis pour perles rose 27,8x35,5 cm BeadSmith\" \/>\n<meta property=\"og:description\" content=\"Tapis pour perles rose. Surface duveteuse qui emp\u00eache les perles de rouler, id\u00e9al pour le tissage de perles Miyuki et la broderie.\" \/>\n<meta property=\"og:url\" content=\"https:\/\/alicier.com\/index.php\/produit\/tapis-pour-perles-rose-278x355-cm-beadsmith\/\" \/>\n<meta property=\"og:site_name\" content=\"Alicier\" \/>\n<meta property=\"article:modified_time\" content=\"2026-01-15T17:25:00+00:00\" \/>\n<meta property=\"og:image\" content=\"https:\/\/alicier.com\/wp-content\/uploads\/2025\/09\/TAPISROSE2.jpg\" \/>\n\t<meta property=\"og:image:width\" content=\"1000\" \/>\n\t<meta property=\"og:image:height\" content=\"1250\" \/>\n\t<meta property=\"og:image:type\" content=\"image\/jpeg\" \/>\n<meta name=\"twitter:card\" content=\"summary_large_image\" \/>\n<meta name=\"twitter:label1\" content=\"Dur\u00e9e de lecture estim\u00e9e\" \/>\n\t<meta name=\"twitter:data1\" content=\"2 minutes\" \/>\n<script type=\"application\/ld+json\" class=\"yoast-schema-graph\">{\"@context\":\"https:\\\/\\\/schema.org\",\"@graph\":[{\"@type\":\"WebPage\",\"@id\":\"https:\\\/\\\/alicier.com\\\/index.php\\\/produit\\\/tapis-pour-perles-rose-278x355-cm-beadsmith\\\/\",\"url\":\"https:\\\/\\\/alicier.com\\\/index.php\\\/produit\\\/tapis-pour-perles-rose-278x355-cm-beadsmith\\\/\",\"name\":\"Tapis pour perles rose 27,8x35,5 cm BeadSmith\",\"isPartOf\":{\"@id\":\"https:\\\/\\\/alicier.com\\\/#website\"},\"primaryImageOfPage\":{\"@id\":\"https:\\\/\\\/alicier.com\\\/index.php\\\/produit\\\/tapis-pour-perles-rose-278x355-cm-beadsmith\\\/#primaryimage\"},\"image\":{\"@id\":\"https:\\\/\\\/alicier.com\\\/index.php\\\/produit\\\/tapis-pour-perles-rose-278x355-cm-beadsmith\\\/#primaryimage\"},\"thumbnailUrl\":\"https:\\\/\\\/alicier.com\\\/wp-content\\\/uploads\\\/2025\\\/09\\\/TAPISROSE2.jpg\",\"datePublished\":\"2025-09-30T11:25:35+00:00\",\"dateModified\":\"2026-01-15T17:25:00+00:00\",\"description\":\"Tapis pour perles rose. Surface duveteuse qui emp\u00eache les perles de rouler, id\u00e9al pour le tissage de perles Miyuki et la broderie.\",\"breadcrumb\":{\"@id\":\"https:\\\/\\\/alicier.com\\\/index.php\\\/produit\\\/tapis-pour-perles-rose-278x355-cm-beadsmith\\\/#breadcrumb\"},\"inLanguage\":\"fr-FR\",\"potentialAction\":[{\"@type\":\"ReadAction\",\"target\":[\"https:\\\/\\\/alicier.com\\\/index.php\\\/produit\\\/tapis-pour-perles-rose-278x355-cm-beadsmith\\\/\"]}]},{\"@type\":\"ImageObject\",\"inLanguage\":\"fr-FR\",\"@id\":\"https:\\\/\\\/alicier.com\\\/index.php\\\/produit\\\/tapis-pour-perles-rose-278x355-cm-beadsmith\\\/#primaryimage\",\"url\":\"https:\\\/\\\/alicier.com\\\/wp-content\\\/uploads\\\/2025\\\/09\\\/TAPISROSE2.jpg\",\"contentUrl\":\"https:\\\/\\\/alicier.com\\\/wp-content\\\/uploads\\\/2025\\\/09\\\/TAPISROSE2.jpg\",\"width\":1000,\"height\":1250,\"caption\":\"Tapis pour perles rose\"},{\"@type\":\"BreadcrumbList\",\"@id\":\"https:\\\/\\\/alicier.com\\\/index.php\\\/produit\\\/tapis-pour-perles-rose-278x355-cm-beadsmith\\\/#breadcrumb\",\"itemListElement\":[{\"@type\":\"ListItem\",\"position\":1,\"name\":\"Accueil\",\"item\":\"https:\\\/\\\/alicier.com\\\/\"},{\"@type\":\"ListItem\",\"position\":2,\"name\":\"Boutique\",\"item\":\"https:\\\/\\\/alicier.com\\\/index.php\\\/boutique\\\/\"},{\"@type\":\"ListItem\",\"position\":3,\"name\":\"Tapis pour perles rose 27,8&#215;35,5 cm BeadSmith\"}]},{\"@type\":\"WebSite\",\"@id\":\"https:\\\/\\\/alicier.com\\\/#website\",\"url\":\"https:\\\/\\\/alicier.com\\\/\",\"name\":\"Alicier\",\"description\":\"Perles &amp; DIY\",\"publisher\":{\"@id\":\"https:\\\/\\\/alicier.com\\\/#organization\"},\"potentialAction\":[{\"@type\":\"SearchAction\",\"target\":{\"@type\":\"EntryPoint\",\"urlTemplate\":\"https:\\\/\\\/alicier.com\\\/?s={search_term_string}\"},\"query-input\":{\"@type\":\"PropertyValueSpecification\",\"valueRequired\":true,\"valueName\":\"search_term_string\"}}],\"inLanguage\":\"fr-FR\"},{\"@type\":\"Organization\",\"@id\":\"https:\\\/\\\/alicier.com\\\/#organization\",\"name\":\"Alicier\",\"url\":\"https:\\\/\\\/alicier.com\\\/\",\"logo\":{\"@type\":\"ImageObject\",\"inLanguage\":\"fr-FR\",\"@id\":\"https:\\\/\\\/alicier.com\\\/#\\\/schema\\\/logo\\\/image\\\/\",\"url\":\"https:\\\/\\\/alicier.com\\\/wp-content\\\/uploads\\\/2025\\\/04\\\/cropped-icon_alicier_2025_100.png\",\"contentUrl\":\"https:\\\/\\\/alicier.com\\\/wp-content\\\/uploads\\\/2025\\\/04\\\/cropped-icon_alicier_2025_100.png\",\"width\":100,\"height\":100,\"caption\":\"Alicier\"},\"image\":{\"@id\":\"https:\\\/\\\/alicier.com\\\/#\\\/schema\\\/logo\\\/image\\\/\"}}]}<\/script>\n<!-- \/ Yoast SEO plugin. -->","yoast_head_json":{"title":"Tapis pour perles rose 27,8x35,5 cm BeadSmith","description":"Tapis pour perles rose. Surface duveteuse qui emp\u00eache les perles de rouler, id\u00e9al pour le tissage de perles Miyuki et la broderie.","robots":{"index":"index","follow":"follow","max-snippet":"max-snippet:-1","max-image-preview":"max-image-preview:large","max-video-preview":"max-video-preview:-1"},"canonical":"https:\/\/alicier.com\/index.php\/produit\/tapis-pour-perles-rose-278x355-cm-beadsmith\/","og_locale":"fr_FR","og_type":"article","og_title":"Tapis pour perles rose 27,8x35,5 cm BeadSmith","og_description":"Tapis pour perles rose. Surface duveteuse qui emp\u00eache les perles de rouler, id\u00e9al pour le tissage de perles Miyuki et la broderie.","og_url":"https:\/\/alicier.com\/index.php\/produit\/tapis-pour-perles-rose-278x355-cm-beadsmith\/","og_site_name":"Alicier","article_modified_time":"2026-01-15T17:25:00+00:00","og_image":[{"width":1000,"height":1250,"url":"https:\/\/alicier.com\/wp-content\/uploads\/2025\/09\/TAPISROSE2.jpg","type":"image\/jpeg"}],"twitter_card":"summary_large_image","twitter_misc":{"Dur\u00e9e de lecture estim\u00e9e":"2 minutes"},"schema":{"@context":"https:\/\/schema.org","@graph":[{"@type":"WebPage","@id":"https:\/\/alicier.com\/index.php\/produit\/tapis-pour-perles-rose-278x355-cm-beadsmith\/","url":"https:\/\/alicier.com\/index.php\/produit\/tapis-pour-perles-rose-278x355-cm-beadsmith\/","name":"Tapis pour perles rose 27,8x35,5 cm BeadSmith","isPartOf":{"@id":"https:\/\/alicier.com\/#website"},"primaryImageOfPage":{"@id":"https:\/\/alicier.com\/index.php\/produit\/tapis-pour-perles-rose-278x355-cm-beadsmith\/#primaryimage"},"image":{"@id":"https:\/\/alicier.com\/index.php\/produit\/tapis-pour-perles-rose-278x355-cm-beadsmith\/#primaryimage"},"thumbnailUrl":"https:\/\/alicier.com\/wp-content\/uploads\/2025\/09\/TAPISROSE2.jpg","datePublished":"2025-09-30T11:25:35+00:00","dateModified":"2026-01-15T17:25:00+00:00","description":"Tapis pour perles rose. Surface duveteuse qui emp\u00eache les perles de rouler, id\u00e9al pour le tissage de perles Miyuki et la broderie.","breadcrumb":{"@id":"https:\/\/alicier.com\/index.php\/produit\/tapis-pour-perles-rose-278x355-cm-beadsmith\/#breadcrumb"},"inLanguage":"fr-FR","potentialAction":[{"@type":"ReadAction","target":["https:\/\/alicier.com\/index.php\/produit\/tapis-pour-perles-rose-278x355-cm-beadsmith\/"]}]},{"@type":"ImageObject","inLanguage":"fr-FR","@id":"https:\/\/alicier.com\/index.php\/produit\/tapis-pour-perles-rose-278x355-cm-beadsmith\/#primaryimage","url":"https:\/\/alicier.com\/wp-content\/uploads\/2025\/09\/TAPISROSE2.jpg","contentUrl":"https:\/\/alicier.com\/wp-content\/uploads\/2025\/09\/TAPISROSE2.jpg","width":1000,"height":1250,"caption":"Tapis pour perles rose"},{"@type":"BreadcrumbList","@id":"https:\/\/alicier.com\/index.php\/produit\/tapis-pour-perles-rose-278x355-cm-beadsmith\/#breadcrumb","itemListElement":[{"@type":"ListItem","position":1,"name":"Accueil","item":"https:\/\/alicier.com\/"},{"@type":"ListItem","position":2,"name":"Boutique","item":"https:\/\/alicier.com\/index.php\/boutique\/"},{"@type":"ListItem","position":3,"name":"Tapis pour perles rose 27,8&#215;35,5 cm BeadSmith"}]},{"@type":"WebSite","@id":"https:\/\/alicier.com\/#website","url":"https:\/\/alicier.com\/","name":"Alicier","description":"Perles &amp; DIY","publisher":{"@id":"https:\/\/alicier.com\/#organization"},"potentialAction":[{"@type":"SearchAction","target":{"@type":"EntryPoint","urlTemplate":"https:\/\/alicier.com\/?s={search_term_string}"},"query-input":{"@type":"PropertyValueSpecification","valueRequired":true,"valueName":"search_term_string"}}],"inLanguage":"fr-FR"},{"@type":"Organization","@id":"https:\/\/alicier.com\/#organization","name":"Alicier","url":"https:\/\/alicier.com\/","logo":{"@type":"ImageObject","inLanguage":"fr-FR","@id":"https:\/\/alicier.com\/#\/schema\/logo\/image\/","url":"https:\/\/alicier.com\/wp-content\/uploads\/2025\/04\/cropped-icon_alicier_2025_100.png","contentUrl":"https:\/\/alicier.com\/wp-content\/uploads\/2025\/04\/cropped-icon_alicier_2025_100.png","width":100,"height":100,"caption":"Alicier"},"image":{"@id":"https:\/\/alicier.com\/#\/schema\/logo\/image\/"}}]}},"jetpack_sharing_enabled":true,"_links":{"self":[{"href":"https:\/\/alicier.com\/index.php\/wp-json\/wp\/v2\/product\/1943","targetHints":{"allow":["GET"]}}],"collection":[{"href":"https:\/\/alicier.com\/index.php\/wp-json\/wp\/v2\/product"}],"about":[{"href":"https:\/\/alicier.com\/index.php\/wp-json\/wp\/v2\/types\/product"}],"replies":[{"embeddable":true,"href":"https:\/\/alicier.com\/index.php\/wp-json\/wp\/v2\/comments?post=1943"}],"wp:featuredmedia":[{"embeddable":true,"href":"https:\/\/alicier.com\/index.php\/wp-json\/wp\/v2\/media\/1946"}],"wp:attachment":[{"href":"https:\/\/alicier.com\/index.php\/wp-json\/wp\/v2\/media?parent=1943"}],"wp:term":[{"taxonomy":"product_brand","embeddable":true,"href":"https:\/\/alicier.com\/index.php\/wp-json\/wp\/v2\/product_brand?post=1943"},{"taxonomy":"product_cat","embeddable":true,"href":"https:\/\/alicier.com\/index.php\/wp-json\/wp\/v2\/product_cat?post=1943"},{"taxonomy":"product_tag","embeddable":true,"href":"https:\/\/alicier.com\/index.php\/wp-json\/wp\/v2\/product_tag?post=1943"}],"curies":[{"name":"wp","href":"https:\/\/api.w.org\/{rel}","templated":true}]}}