{"id":1925,"date":"2025-09-27T18:23:10","date_gmt":"2025-09-27T16:23:10","guid":{"rendered":"https:\/\/alicier.com\/?post_type=product&#038;p=1925"},"modified":"2025-12-06T03:34:59","modified_gmt":"2025-12-06T02:34:59","slug":"pinceaux-brosses-plats-souples-x3","status":"publish","type":"product","link":"https:\/\/alicier.com\/index.php\/produit\/pinceaux-brosses-plats-souples-x3\/","title":{"rendered":"Pinceaux brosses plats souples x3"},"content":{"rendered":"<p>Ces <strong>pinceaux brosses plats souples<\/strong> sont parfaits pour appliquer le <a href=\"https:\/\/alicier.com\/index.php\/produit\/vernis-decopatch-hypoallergenique\/\">vernis hypoallerg\u00e9nique D\u00e9copatch<\/a> sur vos cr\u00e9ations. Leur poil souple et ferme permet d&#8217;\u00e9taler le vernis uniform\u00e9ment <strong>sans laisser de traces<\/strong>. Le set contient <strong>3 tailles de pinceaux<\/strong>, dont un pinceau plat de 6 mm de large qui vous aidera \u00e0 appliquer le vernis avec pr\u00e9cision. Que ce soit pour recouvrir de vernis des tissages de perles afin de les rigidifier, pour durcir des pliages en origami, solidifier des bijoux en noeuds japonais Mizuhiki ou encore pour vernir des modelages en p\u00e2te auto-durcissante, ils seront l&#8217;outil indispensable pour obtenir des finitions parfaites.<\/p>\n<p>Bien entendu, ces pinceaux brosses plats souples pourront aussi vous servir pour la peinture ou le serviettage, activit\u00e9 consistant \u00e0 coller des serviettes en papier \u00e0 motifs sur des supports en bois ou autres mati\u00e8res. Le serviettage se pratique \u00e0 l&#8217;aide de vernis-colle D\u00e9copatch.<\/p>\n<p>Taille des pinceaux : 6 mm, 7,5 mm et 9 mm<\/p>\n<p>Hauteur moyenne des pinceaux : 13,5 cm<\/p>\n<p>Marque : My mandarine (groupe Clairefontaine-Rhodia)<\/p>\n<p>Origine : Chine<\/p>\n<p>Ne conviens pas aux enfants de moins de 3 ans.<\/p>\n","protected":false},"excerpt":{"rendered":"<p>Set de 3 pinceaux brosses plats souples, parfaits pour appliquer le vernis D\u00e9copatch sans traces. Id\u00e9als pour tissages de perles, origami et Mizuhiki.<\/p>\n","protected":false},"featured_media":1930,"comment_status":"closed","ping_status":"closed","template":"","meta":[],"product_brand":[87],"product_cat":[79],"product_tag":[88],"class_list":{"0":"post-1925","1":"product","2":"type-product","3":"status-publish","4":"has-post-thumbnail","6":"product_brand-my-mandarine","7":"product_cat-colles-et-vernis","8":"product_tag-pinceau","10":"first","11":"instock","12":"shipping-taxable","13":"purchasable","14":"product-type-simple"},"yoast_head":"<!-- This site is optimized with the Yoast SEO plugin v27.3 - https:\/\/yoast.com\/product\/yoast-seo-wordpress\/ -->\n<title>Pinceaux brosses plats souples x3<\/title>\n<meta name=\"description\" content=\"Set de 3 pinceaux brosses plats souples. Id\u00e9als pour appliquer du vernis sur les perles pour rigidifier les tissages ou les prot\u00e9ger.\" \/>\n<meta name=\"robots\" content=\"index, follow, max-snippet:-1, max-image-preview:large, max-video-preview:-1\" \/>\n<link rel=\"canonical\" href=\"https:\/\/alicier.com\/index.php\/produit\/pinceaux-brosses-plats-souples-x3\/\" \/>\n<meta property=\"og:locale\" content=\"fr_FR\" \/>\n<meta property=\"og:type\" content=\"article\" \/>\n<meta property=\"og:title\" content=\"Pinceaux brosses plats souples x3\" \/>\n<meta property=\"og:description\" content=\"Set de 3 pinceaux brosses plats souples. Id\u00e9als pour appliquer du vernis sur les perles pour rigidifier les tissages ou les prot\u00e9ger.\" \/>\n<meta property=\"og:url\" content=\"https:\/\/alicier.com\/index.php\/produit\/pinceaux-brosses-plats-souples-x3\/\" \/>\n<meta property=\"og:site_name\" content=\"Alicier\" \/>\n<meta property=\"article:modified_time\" content=\"2025-12-06T02:34:59+00:00\" \/>\n<meta property=\"og:image\" content=\"https:\/\/alicier.com\/wp-content\/uploads\/2025\/09\/3PINCEAUXM.jpg\" \/>\n\t<meta property=\"og:image:width\" content=\"1000\" \/>\n\t<meta property=\"og:image:height\" content=\"1250\" \/>\n\t<meta property=\"og:image:type\" content=\"image\/jpeg\" \/>\n<meta name=\"twitter:card\" content=\"summary_large_image\" \/>\n<meta name=\"twitter:label1\" content=\"Dur\u00e9e de lecture estim\u00e9e\" \/>\n\t<meta name=\"twitter:data1\" content=\"2 minutes\" \/>\n<script type=\"application\/ld+json\" class=\"yoast-schema-graph\">{\"@context\":\"https:\\\/\\\/schema.org\",\"@graph\":[{\"@type\":\"WebPage\",\"@id\":\"https:\\\/\\\/alicier.com\\\/index.php\\\/produit\\\/pinceaux-brosses-plats-souples-x3\\\/\",\"url\":\"https:\\\/\\\/alicier.com\\\/index.php\\\/produit\\\/pinceaux-brosses-plats-souples-x3\\\/\",\"name\":\"Pinceaux brosses plats souples x3\",\"isPartOf\":{\"@id\":\"https:\\\/\\\/alicier.com\\\/#website\"},\"primaryImageOfPage\":{\"@id\":\"https:\\\/\\\/alicier.com\\\/index.php\\\/produit\\\/pinceaux-brosses-plats-souples-x3\\\/#primaryimage\"},\"image\":{\"@id\":\"https:\\\/\\\/alicier.com\\\/index.php\\\/produit\\\/pinceaux-brosses-plats-souples-x3\\\/#primaryimage\"},\"thumbnailUrl\":\"https:\\\/\\\/alicier.com\\\/wp-content\\\/uploads\\\/2025\\\/09\\\/3PINCEAUXM.jpg\",\"datePublished\":\"2025-09-27T16:23:10+00:00\",\"dateModified\":\"2025-12-06T02:34:59+00:00\",\"description\":\"Set de 3 pinceaux brosses plats souples. Id\u00e9als pour appliquer du vernis sur les perles pour rigidifier les tissages ou les prot\u00e9ger.\",\"breadcrumb\":{\"@id\":\"https:\\\/\\\/alicier.com\\\/index.php\\\/produit\\\/pinceaux-brosses-plats-souples-x3\\\/#breadcrumb\"},\"inLanguage\":\"fr-FR\",\"potentialAction\":[{\"@type\":\"ReadAction\",\"target\":[\"https:\\\/\\\/alicier.com\\\/index.php\\\/produit\\\/pinceaux-brosses-plats-souples-x3\\\/\"]}]},{\"@type\":\"ImageObject\",\"inLanguage\":\"fr-FR\",\"@id\":\"https:\\\/\\\/alicier.com\\\/index.php\\\/produit\\\/pinceaux-brosses-plats-souples-x3\\\/#primaryimage\",\"url\":\"https:\\\/\\\/alicier.com\\\/wp-content\\\/uploads\\\/2025\\\/09\\\/3PINCEAUXM.jpg\",\"contentUrl\":\"https:\\\/\\\/alicier.com\\\/wp-content\\\/uploads\\\/2025\\\/09\\\/3PINCEAUXM.jpg\",\"width\":1000,\"height\":1250,\"caption\":\"Pinceaux brosses plats souples\"},{\"@type\":\"BreadcrumbList\",\"@id\":\"https:\\\/\\\/alicier.com\\\/index.php\\\/produit\\\/pinceaux-brosses-plats-souples-x3\\\/#breadcrumb\",\"itemListElement\":[{\"@type\":\"ListItem\",\"position\":1,\"name\":\"Accueil\",\"item\":\"https:\\\/\\\/alicier.com\\\/\"},{\"@type\":\"ListItem\",\"position\":2,\"name\":\"Boutique\",\"item\":\"https:\\\/\\\/alicier.com\\\/index.php\\\/boutique\\\/\"},{\"@type\":\"ListItem\",\"position\":3,\"name\":\"Pinceaux brosses plats souples x3\"}]},{\"@type\":\"WebSite\",\"@id\":\"https:\\\/\\\/alicier.com\\\/#website\",\"url\":\"https:\\\/\\\/alicier.com\\\/\",\"name\":\"Alicier\",\"description\":\"Perles &amp; DIY\",\"publisher\":{\"@id\":\"https:\\\/\\\/alicier.com\\\/#organization\"},\"potentialAction\":[{\"@type\":\"SearchAction\",\"target\":{\"@type\":\"EntryPoint\",\"urlTemplate\":\"https:\\\/\\\/alicier.com\\\/?s={search_term_string}\"},\"query-input\":{\"@type\":\"PropertyValueSpecification\",\"valueRequired\":true,\"valueName\":\"search_term_string\"}}],\"inLanguage\":\"fr-FR\"},{\"@type\":\"Organization\",\"@id\":\"https:\\\/\\\/alicier.com\\\/#organization\",\"name\":\"Alicier\",\"url\":\"https:\\\/\\\/alicier.com\\\/\",\"logo\":{\"@type\":\"ImageObject\",\"inLanguage\":\"fr-FR\",\"@id\":\"https:\\\/\\\/alicier.com\\\/#\\\/schema\\\/logo\\\/image\\\/\",\"url\":\"https:\\\/\\\/alicier.com\\\/wp-content\\\/uploads\\\/2025\\\/04\\\/cropped-icon_alicier_2025_100.png\",\"contentUrl\":\"https:\\\/\\\/alicier.com\\\/wp-content\\\/uploads\\\/2025\\\/04\\\/cropped-icon_alicier_2025_100.png\",\"width\":100,\"height\":100,\"caption\":\"Alicier\"},\"image\":{\"@id\":\"https:\\\/\\\/alicier.com\\\/#\\\/schema\\\/logo\\\/image\\\/\"}}]}<\/script>\n<!-- \/ Yoast SEO plugin. -->","yoast_head_json":{"title":"Pinceaux brosses plats souples x3","description":"Set de 3 pinceaux brosses plats souples. Id\u00e9als pour appliquer du vernis sur les perles pour rigidifier les tissages ou les prot\u00e9ger.","robots":{"index":"index","follow":"follow","max-snippet":"max-snippet:-1","max-image-preview":"max-image-preview:large","max-video-preview":"max-video-preview:-1"},"canonical":"https:\/\/alicier.com\/index.php\/produit\/pinceaux-brosses-plats-souples-x3\/","og_locale":"fr_FR","og_type":"article","og_title":"Pinceaux brosses plats souples x3","og_description":"Set de 3 pinceaux brosses plats souples. Id\u00e9als pour appliquer du vernis sur les perles pour rigidifier les tissages ou les prot\u00e9ger.","og_url":"https:\/\/alicier.com\/index.php\/produit\/pinceaux-brosses-plats-souples-x3\/","og_site_name":"Alicier","article_modified_time":"2025-12-06T02:34:59+00:00","og_image":[{"width":1000,"height":1250,"url":"https:\/\/alicier.com\/wp-content\/uploads\/2025\/09\/3PINCEAUXM.jpg","type":"image\/jpeg"}],"twitter_card":"summary_large_image","twitter_misc":{"Dur\u00e9e de lecture estim\u00e9e":"2 minutes"},"schema":{"@context":"https:\/\/schema.org","@graph":[{"@type":"WebPage","@id":"https:\/\/alicier.com\/index.php\/produit\/pinceaux-brosses-plats-souples-x3\/","url":"https:\/\/alicier.com\/index.php\/produit\/pinceaux-brosses-plats-souples-x3\/","name":"Pinceaux brosses plats souples x3","isPartOf":{"@id":"https:\/\/alicier.com\/#website"},"primaryImageOfPage":{"@id":"https:\/\/alicier.com\/index.php\/produit\/pinceaux-brosses-plats-souples-x3\/#primaryimage"},"image":{"@id":"https:\/\/alicier.com\/index.php\/produit\/pinceaux-brosses-plats-souples-x3\/#primaryimage"},"thumbnailUrl":"https:\/\/alicier.com\/wp-content\/uploads\/2025\/09\/3PINCEAUXM.jpg","datePublished":"2025-09-27T16:23:10+00:00","dateModified":"2025-12-06T02:34:59+00:00","description":"Set de 3 pinceaux brosses plats souples. Id\u00e9als pour appliquer du vernis sur les perles pour rigidifier les tissages ou les prot\u00e9ger.","breadcrumb":{"@id":"https:\/\/alicier.com\/index.php\/produit\/pinceaux-brosses-plats-souples-x3\/#breadcrumb"},"inLanguage":"fr-FR","potentialAction":[{"@type":"ReadAction","target":["https:\/\/alicier.com\/index.php\/produit\/pinceaux-brosses-plats-souples-x3\/"]}]},{"@type":"ImageObject","inLanguage":"fr-FR","@id":"https:\/\/alicier.com\/index.php\/produit\/pinceaux-brosses-plats-souples-x3\/#primaryimage","url":"https:\/\/alicier.com\/wp-content\/uploads\/2025\/09\/3PINCEAUXM.jpg","contentUrl":"https:\/\/alicier.com\/wp-content\/uploads\/2025\/09\/3PINCEAUXM.jpg","width":1000,"height":1250,"caption":"Pinceaux brosses plats souples"},{"@type":"BreadcrumbList","@id":"https:\/\/alicier.com\/index.php\/produit\/pinceaux-brosses-plats-souples-x3\/#breadcrumb","itemListElement":[{"@type":"ListItem","position":1,"name":"Accueil","item":"https:\/\/alicier.com\/"},{"@type":"ListItem","position":2,"name":"Boutique","item":"https:\/\/alicier.com\/index.php\/boutique\/"},{"@type":"ListItem","position":3,"name":"Pinceaux brosses plats souples x3"}]},{"@type":"WebSite","@id":"https:\/\/alicier.com\/#website","url":"https:\/\/alicier.com\/","name":"Alicier","description":"Perles &amp; DIY","publisher":{"@id":"https:\/\/alicier.com\/#organization"},"potentialAction":[{"@type":"SearchAction","target":{"@type":"EntryPoint","urlTemplate":"https:\/\/alicier.com\/?s={search_term_string}"},"query-input":{"@type":"PropertyValueSpecification","valueRequired":true,"valueName":"search_term_string"}}],"inLanguage":"fr-FR"},{"@type":"Organization","@id":"https:\/\/alicier.com\/#organization","name":"Alicier","url":"https:\/\/alicier.com\/","logo":{"@type":"ImageObject","inLanguage":"fr-FR","@id":"https:\/\/alicier.com\/#\/schema\/logo\/image\/","url":"https:\/\/alicier.com\/wp-content\/uploads\/2025\/04\/cropped-icon_alicier_2025_100.png","contentUrl":"https:\/\/alicier.com\/wp-content\/uploads\/2025\/04\/cropped-icon_alicier_2025_100.png","width":100,"height":100,"caption":"Alicier"},"image":{"@id":"https:\/\/alicier.com\/#\/schema\/logo\/image\/"}}]}},"jetpack_sharing_enabled":true,"_links":{"self":[{"href":"https:\/\/alicier.com\/index.php\/wp-json\/wp\/v2\/product\/1925","targetHints":{"allow":["GET"]}}],"collection":[{"href":"https:\/\/alicier.com\/index.php\/wp-json\/wp\/v2\/product"}],"about":[{"href":"https:\/\/alicier.com\/index.php\/wp-json\/wp\/v2\/types\/product"}],"replies":[{"embeddable":true,"href":"https:\/\/alicier.com\/index.php\/wp-json\/wp\/v2\/comments?post=1925"}],"wp:featuredmedia":[{"embeddable":true,"href":"https:\/\/alicier.com\/index.php\/wp-json\/wp\/v2\/media\/1930"}],"wp:attachment":[{"href":"https:\/\/alicier.com\/index.php\/wp-json\/wp\/v2\/media?parent=1925"}],"wp:term":[{"taxonomy":"product_brand","embeddable":true,"href":"https:\/\/alicier.com\/index.php\/wp-json\/wp\/v2\/product_brand?post=1925"},{"taxonomy":"product_cat","embeddable":true,"href":"https:\/\/alicier.com\/index.php\/wp-json\/wp\/v2\/product_cat?post=1925"},{"taxonomy":"product_tag","embeddable":true,"href":"https:\/\/alicier.com\/index.php\/wp-json\/wp\/v2\/product_tag?post=1925"}],"curies":[{"name":"wp","href":"https:\/\/api.w.org\/{rel}","templated":true}]}}